{"version":"1.0","provider_name":"Naturpark Am Stettiner Haff","provider_url":"https:\/\/www.naturparkmagazin.de\/am-stettiner-haff","author_name":"Jochen Elberskirch","author_url":"https:\/\/www.naturparkmagazin.de\/am-stettiner-haff\/author\/jochenelberskirch\/","title":"Auch im Naturpark weihnachtet es schon - Naturpark Am Stettiner Haff","type":"rich","width":600,"height":338,"html":"<blockquote class=\"wp-embedded-content\" data-secret=\"pTc7IvL6un\"><a href=\"https:\/\/www.naturparkmagazin.de\/am-stettiner-haff\/auch-im-naturpark-weihnachtet-es-schon\/\">Auch im Naturpark weihnachtet es schon<\/a><\/blockquote><iframe sandbox=\"allow-scripts\" security=\"restricted\" src=\"https:\/\/www.naturparkmagazin.de\/am-stettiner-haff\/auch-im-naturpark-weihnachtet-es-schon\/embed\/#?secret=pTc7IvL6un\" width=\"600\" height=\"338\" title=\"&#8222;Auch im Naturpark weihnachtet es schon&#8220; &#8211; Naturpark Am Stettiner Haff\" data-secret=\"pTc7IvL6un\" frameborder=\"0\" marginwidth=\"0\" marginheight=\"0\" scrolling=\"no\" class=\"wp-embedded-content\"><\/iframe><script type=\"text\/javascript\">\n\/*! This file is auto-generated *\/\n!function(c,d){\"use strict\";var e=!1,o=!1;if(d.querySelector)if(c.addEventListener)e=!0;if(c.wp=c.wp||{},c.wp.receiveEmbedMessage);else if(c.wp.receiveEmbedMessage=function(e){var t=e.data;if(!t);else if(!(t.secret||t.message||t.value));else if(\/[^a-zA-Z0-9]\/.test(t.secret));else{for(var r,s,a,i=d.querySelectorAll('iframe[data-secret=\"'+t.secret+'\"]'),n=d.querySelectorAll('blockquote[data-secret=\"'+t.secret+'\"]'),o=new RegExp(\"^https?:$\",\"i\"),l=0;l<n.length;l++)n[l].style.display=\"none\";for(l=0;l<i.length;l++)if(r=i[l],e.source!==r.contentWindow);else{if(r.removeAttribute(\"style\"),\"height\"===t.message){if(1e3<(s=parseInt(t.value,10)))s=1e3;else if(~~s<200)s=200;r.height=s}if(\"link\"===t.message)if(s=d.createElement(\"a\"),a=d.createElement(\"a\"),s.href=r.getAttribute(\"src\"),a.href=t.value,!o.test(a.protocol));else if(a.host===s.host)if(d.activeElement===r)c.top.location.href=t.value}}},e)c.addEventListener(\"message\",c.wp.receiveEmbedMessage,!1),d.addEventListener(\"DOMContentLoaded\",t,!1),c.addEventListener(\"load\",t,!1);function t(){if(o);else{o=!0;for(var e,t,r,s=-1!==navigator.appVersion.indexOf(\"MSIE 10\"),a=!!navigator.userAgent.match(\/Trident.*rv:11\\.\/),i=d.querySelectorAll(\"iframe.wp-embedded-content\"),n=0;n<i.length;n++){if(!(r=(t=i[n]).getAttribute(\"data-secret\")))r=Math.random().toString(36).substr(2,10),t.src+=\"#?secret=\"+r,t.setAttribute(\"data-secret\",r);if(s||a)(e=t.cloneNode(!0)).removeAttribute(\"security\"),t.parentNode.replaceChild(e,t);t.contentWindow.postMessage({message:\"ready\",secret:r},\"*\")}}}}(window,document);\n<\/script>\n","thumbnail_url":"https:\/\/www.naturparkmagazin.de\/am-stettiner-haff\/wp-content\/uploads\/sites\/29\/Adventsdorf-Rieth-Hof-Kulturscheune-Rieth-Adventsmarkt-Weihnachstmarkt.jpg","thumbnail_width":1556,"thumbnail_height":1037,"description":"Mit der Vorweihnachtszeit hat eine der anstrengendsten Zeiten des Jahres begonnen. Erfahrungsgem\u00e4\u00df jagt ein Termin den n\u00e4chsten und die Tage sind meist viel zu kurz, denn Weihnachten r\u00fcckt unausweichlich immer n\u00e4her. Bis zum \"Heiligen Abend\" gib es noch unz\u00e4hlige Dinge vorzubereiten und zu organisieren..."}

Mit der Vorweihnachtszeit hat eine der anstrengendsten Zeiten des Jahres begonnen. Erfahrungsgemäß jagt ein Termin den nächsten und die Tage sind meist viel zu kurz, denn Weihnachten rückt unausweichlich immer näher. Bis zum "Heiligen Abend" gib es noch unzählige Dinge vorzubereiten und zu organisieren...
