{"version":"1.0","provider_name":"Naturpark Am Stettiner Haff","provider_url":"https:\/\/www.naturparkmagazin.de\/am-stettiner-haff","author_name":"Jochen Elberskirch","author_url":"https:\/\/www.naturparkmagazin.de\/am-stettiner-haff\/author\/jochenelberskirch\/","title":"F\u00d6J-ler im Einsatz f\u00fcr Lycaena helle - Naturpark Am Stettiner Haff","type":"rich","width":600,"height":338,"html":"<blockquote class=\"wp-embedded-content\" data-secret=\"xHRHxXeL0K\"><a href=\"https:\/\/www.naturparkmagazin.de\/am-stettiner-haff\/foejler-im-einsatz-fuer-lycaena-helle\/\">F\u00d6J-ler im Einsatz f\u00fcr Lycaena helle<\/a><\/blockquote><iframe sandbox=\"allow-scripts\" security=\"restricted\" src=\"https:\/\/www.naturparkmagazin.de\/am-stettiner-haff\/foejler-im-einsatz-fuer-lycaena-helle\/embed\/#?secret=xHRHxXeL0K\" width=\"600\" height=\"338\" title=\"&#8222;F\u00d6J-ler im Einsatz f\u00fcr Lycaena helle&#8220; &#8211; Naturpark Am Stettiner Haff\" data-secret=\"xHRHxXeL0K\" frameborder=\"0\" marginwidth=\"0\" marginheight=\"0\" scrolling=\"no\" class=\"wp-embedded-content\"><\/iframe><script type=\"text\/javascript\">\n\/*! This file is auto-generated *\/\n!function(c,d){\"use strict\";var e=!1,o=!1;if(d.querySelector)if(c.addEventListener)e=!0;if(c.wp=c.wp||{},c.wp.receiveEmbedMessage);else if(c.wp.receiveEmbedMessage=function(e){var t=e.data;if(!t);else if(!(t.secret||t.message||t.value));else if(\/[^a-zA-Z0-9]\/.test(t.secret));else{for(var r,s,a,i=d.querySelectorAll('iframe[data-secret=\"'+t.secret+'\"]'),n=d.querySelectorAll('blockquote[data-secret=\"'+t.secret+'\"]'),o=new RegExp(\"^https?:$\",\"i\"),l=0;l<n.length;l++)n[l].style.display=\"none\";for(l=0;l<i.length;l++)if(r=i[l],e.source!==r.contentWindow);else{if(r.removeAttribute(\"style\"),\"height\"===t.message){if(1e3<(s=parseInt(t.value,10)))s=1e3;else if(~~s<200)s=200;r.height=s}if(\"link\"===t.message)if(s=d.createElement(\"a\"),a=d.createElement(\"a\"),s.href=r.getAttribute(\"src\"),a.href=t.value,!o.test(a.protocol));else if(a.host===s.host)if(d.activeElement===r)c.top.location.href=t.value}}},e)c.addEventListener(\"message\",c.wp.receiveEmbedMessage,!1),d.addEventListener(\"DOMContentLoaded\",t,!1),c.addEventListener(\"load\",t,!1);function t(){if(o);else{o=!0;for(var e,t,r,s=-1!==navigator.appVersion.indexOf(\"MSIE 10\"),a=!!navigator.userAgent.match(\/Trident.*rv:11\\.\/),i=d.querySelectorAll(\"iframe.wp-embedded-content\"),n=0;n<i.length;n++){if(!(r=(t=i[n]).getAttribute(\"data-secret\")))r=Math.random().toString(36).substr(2,10),t.src+=\"#?secret=\"+r,t.setAttribute(\"data-secret\",r);if(s||a)(e=t.cloneNode(!0)).removeAttribute(\"security\"),t.parentNode.replaceChild(e,t);t.contentWindow.postMessage({message:\"ready\",secret:r},\"*\")}}}}(window,document);\n<\/script>\n","thumbnail_url":"https:\/\/www.naturparkmagazin.de\/am-stettiner-haff\/wp-content\/uploads\/sites\/29\/Lycaena_helle_male.jpg","thumbnail_width":640,"thumbnail_height":426,"description":"Wer oder was sind F\u00f6j-ler und wof\u00fcr sind die im Einsatz? Fragen \u00fcber Fragen, aber keine Angst, auf diese Fragen gibt es gleich die passenden Antworten.  F\u00f6j-ler haben bei weitem nichts mit der Jugendorganistation der ehemaligen DDR zu tun. F\u00d6J steht als Abk\u00fcrzung f\u00fcr freiwilliges \u00f6kologisches Jahr. Im freiwilligen \u00f6klogischen Jahr wird jungen Menschen zwischen 16 und 27 Jahren die M\u00f6glichkeit gegeben sich praktisch f\u00fcr unsere Umwelt einzusetzen. Gleichzeitig erhalten sie damit auch Einblicke in die \u00f6kologischen und umweltpolitischen Zusammenh\u00e4nge."}

FÖJ-ler im Einsatz für Lycaena helle - Naturpark Am Stettiner Haff

<blockquote class="wp-embedded-content" data-secret="xHRHxXeL0K"><a href="https://www.naturparkmagazin.de/am-stettiner-haff/foejler-im-einsatz-fuer-lycaena-helle/">FÖJ-ler im Einsatz für Lycaena helle</a></blockquote><iframe sandbox="allow-scripts" security="restricted" src="https://www.naturparkmagazin.de/am-stettiner-haff/foejler-im-einsatz-fuer-lycaena-helle/embed/#?secret=xHRHxXeL0K" width="600" height="338" title="&#8222;FÖJ-ler im Einsatz für Lycaena helle&#8220; &#8211; Naturpark Am Stettiner Haff" data-secret="xHRHxXeL0K" frameborder="0" marginwidth="0" marginheight="0" scrolling="no" class="wp-embedded-content"></iframe><script type="text/javascript">
/*! This file is auto-generated */
!function(c,d){"use strict";var e=!1,o=!1;if(d.querySelector)if(c.addEventListener)e=!0;if(c.wp=c.wp||{},c.wp.receiveEmbedMessage);else if(c.wp.receiveEmbedMessage=function(e){var t=e.data;if(!t);else if(!(t.secret||t.message||t.value));else if(/[^a-zA-Z0-9]/.test(t.secret));else{for(var r,s,a,i=d.querySelectorAll('iframe[data-secret="'+t.secret+'"]'),n=d.querySelectorAll('blockquote[data-secret="'+t.secret+'"]'),o=new RegExp("^https?:$","i"),l=0;l<n.length;l++)n[l].style.display="none";for(l=0;l<i.length;l++)if(r=i[l],e.source!==r.contentWindow);else{if(r.removeAttribute("style"),"height"===t.message){if(1e3<(s=parseInt(t.value,10)))s=1e3;else if(~~s<200)s=200;r.height=s}if("link"===t.message)if(s=d.createElement("a"),a=d.createElement("a"),s.href=r.getAttribute("src"),a.href=t.value,!o.test(a.protocol));else if(a.host===s.host)if(d.activeElement===r)c.top.location.href=t.value}}},e)c.addEventListener("message",c.wp.receiveEmbedMessage,!1),d.addEventListener("DOMContentLoaded",t,!1),c.addEventListener("load",t,!1);function t(){if(o);else{o=!0;for(var e,t,r,s=-1!==navigator.appVersion.indexOf("MSIE 10"),a=!!navigator.userAgent.match(/Trident.*rv:11\./),i=d.querySelectorAll("iframe.wp-embedded-content"),n=0;n<i.length;n++){if(!(r=(t=i[n]).getAttribute("data-secret")))r=Math.random().toString(36).substr(2,10),t.src+="#?secret="+r,t.setAttribute("data-secret",r);if(s||a)(e=t.cloneNode(!0)).removeAttribute("security"),t.parentNode.replaceChild(e,t);t.contentWindow.postMessage({message:"ready",secret:r},"*")}}}}(window,document);
</script>

Wer oder was sind Föj-ler und wofür sind die im Einsatz? Fragen über Fragen, aber keine Angst, auf diese Fragen gibt es gleich die passenden Antworten.  Föj-ler haben bei weitem nichts mit der Jugendorganistation der ehemaligen DDR zu tun. FÖJ steht als Abkürzung für freiwilliges ökologisches Jahr. Im freiwilligen öklogischen Jahr wird jungen Menschen zwischen 16 und 27 Jahren die Möglichkeit gegeben sich praktisch für unsere Umwelt einzusetzen. Gleichzeitig erhalten sie damit auch Einblicke in die ökologischen und umweltpolitischen Zusammenhänge.
