{"version":"1.0","provider_name":"Naturpark Am Stettiner Haff","provider_url":"https:\/\/www.naturparkmagazin.de\/am-stettiner-haff","author_name":"Jochen Elberskirch","author_url":"https:\/\/www.naturparkmagazin.de\/am-stettiner-haff\/author\/jochenelberskirch\/","title":"Liebe Leserin, Lieber Leser, - Naturpark Am Stettiner Haff","type":"rich","width":600,"height":338,"html":"<blockquote class=\"wp-embedded-content\" data-secret=\"jbieXIE73j\"><a href=\"https:\/\/www.naturparkmagazin.de\/am-stettiner-haff\/liebe-leserinen-liebe-leser-3\/\">Liebe Leserin, Lieber Leser,<\/a><\/blockquote><iframe sandbox=\"allow-scripts\" security=\"restricted\" src=\"https:\/\/www.naturparkmagazin.de\/am-stettiner-haff\/liebe-leserinen-liebe-leser-3\/embed\/#?secret=jbieXIE73j\" width=\"600\" height=\"338\" title=\"&#8222;Liebe Leserin, Lieber Leser,&#8220; &#8211; Naturpark Am Stettiner Haff\" data-secret=\"jbieXIE73j\" frameborder=\"0\" marginwidth=\"0\" marginheight=\"0\" scrolling=\"no\" class=\"wp-embedded-content\"><\/iframe><script type=\"text\/javascript\">\n\/*! This file is auto-generated *\/\n!function(c,d){\"use strict\";var e=!1,o=!1;if(d.querySelector)if(c.addEventListener)e=!0;if(c.wp=c.wp||{},c.wp.receiveEmbedMessage);else if(c.wp.receiveEmbedMessage=function(e){var t=e.data;if(!t);else if(!(t.secret||t.message||t.value));else if(\/[^a-zA-Z0-9]\/.test(t.secret));else{for(var r,s,a,i=d.querySelectorAll('iframe[data-secret=\"'+t.secret+'\"]'),n=d.querySelectorAll('blockquote[data-secret=\"'+t.secret+'\"]'),o=new RegExp(\"^https?:$\",\"i\"),l=0;l<n.length;l++)n[l].style.display=\"none\";for(l=0;l<i.length;l++)if(r=i[l],e.source!==r.contentWindow);else{if(r.removeAttribute(\"style\"),\"height\"===t.message){if(1e3<(s=parseInt(t.value,10)))s=1e3;else if(~~s<200)s=200;r.height=s}if(\"link\"===t.message)if(s=d.createElement(\"a\"),a=d.createElement(\"a\"),s.href=r.getAttribute(\"src\"),a.href=t.value,!o.test(a.protocol));else if(a.host===s.host)if(d.activeElement===r)c.top.location.href=t.value}}},e)c.addEventListener(\"message\",c.wp.receiveEmbedMessage,!1),d.addEventListener(\"DOMContentLoaded\",t,!1),c.addEventListener(\"load\",t,!1);function t(){if(o);else{o=!0;for(var e,t,r,s=-1!==navigator.appVersion.indexOf(\"MSIE 10\"),a=!!navigator.userAgent.match(\/Trident.*rv:11\\.\/),i=d.querySelectorAll(\"iframe.wp-embedded-content\"),n=0;n<i.length;n++){if(!(r=(t=i[n]).getAttribute(\"data-secret\")))r=Math.random().toString(36).substr(2,10),t.src+=\"#?secret=\"+r,t.setAttribute(\"data-secret\",r);if(s||a)(e=t.cloneNode(!0)).removeAttribute(\"security\"),t.parentNode.replaceChild(e,t);t.contentWindow.postMessage({message:\"ready\",secret:r},\"*\")}}}}(window,document);\n<\/script>\n","description":"kein anderer Lebensraum pr\u00e4gt unseren\u00a0Naturpark mehr, als\u00a0die weiten, zum gro\u00dfen Teil unzerschnittenen W\u00e4lder. Fast die H\u00e4lfte unseres Naturparkgebietes besteht aus Wald. Auch wenn die W\u00e4lder \u00fcberwiegend forstwirtschaftlich genutzt werden,\u00a0sind diese\u00a0auch Lebensraum f\u00fcr zahlreiche Tiere und Pflanzen. Gleichzeitig werden sie von uns\u00a0gerne zur Erholung genutzt. Ein Waldspaziergang, auch in der k\u00e4lteren Jahreszeit, regt nicht nur unseren"}

kein anderer Lebensraum prägt unseren Naturpark mehr, als die weiten, zum großen Teil unzerschnittenen Wälder. Fast die Hälfte unseres Naturparkgebietes besteht aus Wald. Auch wenn die Wälder überwiegend forstwirtschaftlich genutzt werden, sind diese auch Lebensraum für zahlreiche Tiere und Pflanzen. Gleichzeitig werden sie von uns gerne zur Erholung genutzt. Ein Waldspaziergang, auch in der kälteren Jahreszeit, regt nicht nur unseren
