{"version":"1.0","provider_name":"Naturpark Am Stettiner Haff","provider_url":"https:\/\/www.naturparkmagazin.de\/am-stettiner-haff","author_name":"beatrixlosem","author_url":"https:\/\/www.naturparkmagazin.de\/am-stettiner-haff\/author\/beatrixlosem\/","title":"Wandern im Naturpark Am Stettiner Haff - Naturpark Am Stettiner Haff","type":"rich","width":600,"height":338,"html":"<blockquote class=\"wp-embedded-content\" data-secret=\"DKGvYLFqlI\"><a href=\"https:\/\/www.naturparkmagazin.de\/am-stettiner-haff\/wandern-im-naturpark-am-stettiner-haff\/\">Wandern im Naturpark Am Stettiner Haff<\/a><\/blockquote><iframe sandbox=\"allow-scripts\" security=\"restricted\" src=\"https:\/\/www.naturparkmagazin.de\/am-stettiner-haff\/wandern-im-naturpark-am-stettiner-haff\/embed\/#?secret=DKGvYLFqlI\" width=\"600\" height=\"338\" title=\"&#8222;Wandern im Naturpark Am Stettiner Haff&#8220; &#8211; Naturpark Am Stettiner Haff\" data-secret=\"DKGvYLFqlI\" frameborder=\"0\" marginwidth=\"0\" marginheight=\"0\" scrolling=\"no\" class=\"wp-embedded-content\"><\/iframe><script type=\"text\/javascript\">\n\/*! This file is auto-generated *\/\n!function(c,d){\"use strict\";var e=!1,o=!1;if(d.querySelector)if(c.addEventListener)e=!0;if(c.wp=c.wp||{},c.wp.receiveEmbedMessage);else if(c.wp.receiveEmbedMessage=function(e){var t=e.data;if(!t);else if(!(t.secret||t.message||t.value));else if(\/[^a-zA-Z0-9]\/.test(t.secret));else{for(var r,s,a,i=d.querySelectorAll('iframe[data-secret=\"'+t.secret+'\"]'),n=d.querySelectorAll('blockquote[data-secret=\"'+t.secret+'\"]'),o=new RegExp(\"^https?:$\",\"i\"),l=0;l<n.length;l++)n[l].style.display=\"none\";for(l=0;l<i.length;l++)if(r=i[l],e.source!==r.contentWindow);else{if(r.removeAttribute(\"style\"),\"height\"===t.message){if(1e3<(s=parseInt(t.value,10)))s=1e3;else if(~~s<200)s=200;r.height=s}if(\"link\"===t.message)if(s=d.createElement(\"a\"),a=d.createElement(\"a\"),s.href=r.getAttribute(\"src\"),a.href=t.value,!o.test(a.protocol));else if(a.host===s.host)if(d.activeElement===r)c.top.location.href=t.value}}},e)c.addEventListener(\"message\",c.wp.receiveEmbedMessage,!1),d.addEventListener(\"DOMContentLoaded\",t,!1),c.addEventListener(\"load\",t,!1);function t(){if(o);else{o=!0;for(var e,t,r,s=-1!==navigator.appVersion.indexOf(\"MSIE 10\"),a=!!navigator.userAgent.match(\/Trident.*rv:11\\.\/),i=d.querySelectorAll(\"iframe.wp-embedded-content\"),n=0;n<i.length;n++){if(!(r=(t=i[n]).getAttribute(\"data-secret\")))r=Math.random().toString(36).substr(2,10),t.src+=\"#?secret=\"+r,t.setAttribute(\"data-secret\",r);if(s||a)(e=t.cloneNode(!0)).removeAttribute(\"security\"),t.parentNode.replaceChild(e,t);t.contentWindow.postMessage({message:\"ready\",secret:r},\"*\")}}}}(window,document);\n<\/script>\n","thumbnail_url":"https:\/\/www.naturparkmagazin.de\/am-stettiner-haff\/wp-content\/uploads\/sites\/29\/landschaft003-a-ahlbeck-18-03-12-1869_beitragsbild.jpg","thumbnail_width":200,"thumbnail_height":200,"description":"Zwischen den D\u00f6rfern Hintersee und Ludwigshof verl\u00e4uft ein ca. 3 km langer, flacher und wassergebundener Weg entlang des Naturschutzgebietes Ahlbecker Seegrund. Parkm\u00f6glichkeiten bestehen in den Ortschaften oder am Wegesrand. Einen ebenso beschaffenen und zudem z.T. asphaltierten Weg gibt es vom Tierpark Ueckerm\u00fcnde bis nach Meiersberg (ca. 7 km). Barrierefreie Parkpl\u00e4tze sind am Tierpark vorhanden. Anfahrtsbeschreibung"}

Zwischen den Dörfern Hintersee und Ludwigshof verläuft ein ca. 3 km langer, flacher und wassergebundener Weg entlang des Naturschutzgebietes Ahlbecker Seegrund. Parkmöglichkeiten bestehen in den Ortschaften oder am Wegesrand. Einen ebenso beschaffenen und zudem z.T. asphaltierten Weg gibt es vom Tierpark Ueckermünde bis nach Meiersberg (ca. 7 km). Barrierefreie Parkplätze sind am Tierpark vorhanden. Anfahrtsbeschreibung
