{"version":"1.0","provider_name":"Naturpark Dahme-Heideseen","provider_url":"https:\/\/www.naturparkmagazin.de\/dahme-heideseen","author_name":"Astrid Osenbr\u00fcck","author_url":"https:\/\/www.naturparkmagazin.de\/dahme-heideseen\/author\/astridosenbrueck\/","title":"Lieber Leser, liebe Leserin, - Naturpark Dahme-Heideseen","type":"rich","width":600,"height":338,"html":"<blockquote class=\"wp-embedded-content\" data-secret=\"pvX5ycTsLV\"><a href=\"https:\/\/www.naturparkmagazin.de\/dahme-heideseen\/3524\/\">Lieber Leser, liebe Leserin,<\/a><\/blockquote><iframe sandbox=\"allow-scripts\" security=\"restricted\" src=\"https:\/\/www.naturparkmagazin.de\/dahme-heideseen\/3524\/embed\/#?secret=pvX5ycTsLV\" width=\"600\" height=\"338\" title=\"&#8222;Lieber Leser, liebe Leserin,&#8220; &#8211; Naturpark Dahme-Heideseen\" data-secret=\"pvX5ycTsLV\" frameborder=\"0\" marginwidth=\"0\" marginheight=\"0\" scrolling=\"no\" class=\"wp-embedded-content\"><\/iframe><script type=\"text\/javascript\">\n\/*! This file is auto-generated *\/\n!function(c,d){\"use strict\";var e=!1,o=!1;if(d.querySelector)if(c.addEventListener)e=!0;if(c.wp=c.wp||{},c.wp.receiveEmbedMessage);else if(c.wp.receiveEmbedMessage=function(e){var t=e.data;if(!t);else if(!(t.secret||t.message||t.value));else if(\/[^a-zA-Z0-9]\/.test(t.secret));else{for(var r,s,a,i=d.querySelectorAll('iframe[data-secret=\"'+t.secret+'\"]'),n=d.querySelectorAll('blockquote[data-secret=\"'+t.secret+'\"]'),o=new RegExp(\"^https?:$\",\"i\"),l=0;l<n.length;l++)n[l].style.display=\"none\";for(l=0;l<i.length;l++)if(r=i[l],e.source!==r.contentWindow);else{if(r.removeAttribute(\"style\"),\"height\"===t.message){if(1e3<(s=parseInt(t.value,10)))s=1e3;else if(~~s<200)s=200;r.height=s}if(\"link\"===t.message)if(s=d.createElement(\"a\"),a=d.createElement(\"a\"),s.href=r.getAttribute(\"src\"),a.href=t.value,!o.test(a.protocol));else if(a.host===s.host)if(d.activeElement===r)c.top.location.href=t.value}}},e)c.addEventListener(\"message\",c.wp.receiveEmbedMessage,!1),d.addEventListener(\"DOMContentLoaded\",t,!1),c.addEventListener(\"load\",t,!1);function t(){if(o);else{o=!0;for(var e,t,r,s=-1!==navigator.appVersion.indexOf(\"MSIE 10\"),a=!!navigator.userAgent.match(\/Trident.*rv:11\\.\/),i=d.querySelectorAll(\"iframe.wp-embedded-content\"),n=0;n<i.length;n++){if(!(r=(t=i[n]).getAttribute(\"data-secret\")))r=Math.random().toString(36).substr(2,10),t.src+=\"#?secret=\"+r,t.setAttribute(\"data-secret\",r);if(s||a)(e=t.cloneNode(!0)).removeAttribute(\"security\"),t.parentNode.replaceChild(e,t);t.contentWindow.postMessage({message:\"ready\",secret:r},\"*\")}}}}(window,document);\n<\/script>\n","description":"das Jahr geht mit gro\u00dfen Schritten seinem Ende entgegen. Zeit, um innezuhalten und \u00fcber die vergangenen, zugegebenerma\u00dfen recht ungew\u00f6hnlichen, Monate nachzudenken. Auch wenn in diesem Jahr im Naturpark\u00a0einige Ideen nicht umgesetzt werden konnten &#8211; so musste z. B. das erste geplante Naturpark-Fest abgesagt werden &#8211; gab es doch immer\u00a0wieder sch\u00f6ne Erlebnisse und erfolgreiche Veranstaltungen. Ein"}

Astrid Osenbrück

das Jahr geht mit großen Schritten seinem Ende entgegen. Zeit, um innezuhalten und über die vergangenen, zugegebenermaßen recht ungewöhnlichen, Monate nachzudenken. Auch wenn in diesem Jahr im Naturpark einige Ideen nicht umgesetzt werden konnten &#8211; so musste z. B. das erste geplante Naturpark-Fest abgesagt werden &#8211; gab es doch immer wieder schöne Erlebnisse und erfolgreiche Veranstaltungen. Ein
