{"version":"1.0","provider_name":"Naturpark Dahme-Heideseen","provider_url":"https:\/\/www.naturparkmagazin.de\/dahme-heideseen","author_name":"hanssonnenberg","author_url":"https:\/\/www.naturparkmagazin.de\/dahme-heideseen\/author\/hanssonnenberg\/","title":"Liebe Leser, - Naturpark Dahme-Heideseen","type":"rich","width":600,"height":338,"html":"<blockquote class=\"wp-embedded-content\" data-secret=\"09p5E9s8nJ\"><a href=\"https:\/\/www.naturparkmagazin.de\/dahme-heideseen\/liebe-leser-3\/\">Liebe Leser,<\/a><\/blockquote><iframe sandbox=\"allow-scripts\" security=\"restricted\" src=\"https:\/\/www.naturparkmagazin.de\/dahme-heideseen\/liebe-leser-3\/embed\/#?secret=09p5E9s8nJ\" width=\"600\" height=\"338\" title=\"&#8222;Liebe Leser,&#8220; &#8211; Naturpark Dahme-Heideseen\" data-secret=\"09p5E9s8nJ\" frameborder=\"0\" marginwidth=\"0\" marginheight=\"0\" scrolling=\"no\" class=\"wp-embedded-content\"><\/iframe><script type=\"text\/javascript\">\n\/*! This file is auto-generated *\/\n!function(c,d){\"use strict\";var e=!1,o=!1;if(d.querySelector)if(c.addEventListener)e=!0;if(c.wp=c.wp||{},c.wp.receiveEmbedMessage);else if(c.wp.receiveEmbedMessage=function(e){var t=e.data;if(!t);else if(!(t.secret||t.message||t.value));else if(\/[^a-zA-Z0-9]\/.test(t.secret));else{for(var r,s,a,i=d.querySelectorAll('iframe[data-secret=\"'+t.secret+'\"]'),n=d.querySelectorAll('blockquote[data-secret=\"'+t.secret+'\"]'),o=new RegExp(\"^https?:$\",\"i\"),l=0;l<n.length;l++)n[l].style.display=\"none\";for(l=0;l<i.length;l++)if(r=i[l],e.source!==r.contentWindow);else{if(r.removeAttribute(\"style\"),\"height\"===t.message){if(1e3<(s=parseInt(t.value,10)))s=1e3;else if(~~s<200)s=200;r.height=s}if(\"link\"===t.message)if(s=d.createElement(\"a\"),a=d.createElement(\"a\"),s.href=r.getAttribute(\"src\"),a.href=t.value,!o.test(a.protocol));else if(a.host===s.host)if(d.activeElement===r)c.top.location.href=t.value}}},e)c.addEventListener(\"message\",c.wp.receiveEmbedMessage,!1),d.addEventListener(\"DOMContentLoaded\",t,!1),c.addEventListener(\"load\",t,!1);function t(){if(o);else{o=!0;for(var e,t,r,s=-1!==navigator.appVersion.indexOf(\"MSIE 10\"),a=!!navigator.userAgent.match(\/Trident.*rv:11\\.\/),i=d.querySelectorAll(\"iframe.wp-embedded-content\"),n=0;n<i.length;n++){if(!(r=(t=i[n]).getAttribute(\"data-secret\")))r=Math.random().toString(36).substr(2,10),t.src+=\"#?secret=\"+r,t.setAttribute(\"data-secret\",r);if(s||a)(e=t.cloneNode(!0)).removeAttribute(\"security\"),t.parentNode.replaceChild(e,t);t.contentWindow.postMessage({message:\"ready\",secret:r},\"*\")}}}}(window,document);\n<\/script>\n","description":"in diesem Jahr begeht der Naturpark sein 20-j\u00e4hriges Jubil\u00e4um. Wir wollen dies mit zahlreichen Veranstaltungen und Aktivit\u00e4ten durch das Jahr begleiten. Im Newsletter werden wir Sie fortlaufend informieren. Vom 24. Januar bis 15. M\u00e4rz werden in der Ausstellung &#8222;Hirschk\u00e4fer und Rothirsche&#8220; Naturfotografien von Anneli Kr\u00e4mer und Klaus Weber gezeigt. Beide Naturfotografen ver\u00f6ffentlichen regelm\u00e4\u00dfig ihre Bilder"}

in diesem Jahr begeht der Naturpark sein 20-jähriges Jubiläum. Wir wollen dies mit zahlreichen Veranstaltungen und Aktivitäten durch das Jahr begleiten. Im Newsletter werden wir Sie fortlaufend informieren. Vom 24. Januar bis 15. März werden in der Ausstellung &#8222;Hirschkäfer und Rothirsche&#8220; Naturfotografien von Anneli Krämer und Klaus Weber gezeigt. Beide Naturfotografen veröffentlichen regelmäßig ihre Bilder
