{"version":"1.0","provider_name":"Naturpark Dahme-Heideseen","provider_url":"https:\/\/www.naturparkmagazin.de\/dahme-heideseen","author_name":"gunnarheyne","author_url":"https:\/\/www.naturparkmagazin.de\/dahme-heideseen\/author\/gunnarheyne\/","title":"Liebe Leserinnen, liebe Leser, - Naturpark Dahme-Heideseen","type":"rich","width":600,"height":338,"html":"<blockquote class=\"wp-embedded-content\" data-secret=\"m1v0RJtIC5\"><a href=\"https:\/\/www.naturparkmagazin.de\/dahme-heideseen\/liebe-leserinnen-liebe-leser\/\">Liebe Leserinnen, liebe Leser,<\/a><\/blockquote><iframe sandbox=\"allow-scripts\" security=\"restricted\" src=\"https:\/\/www.naturparkmagazin.de\/dahme-heideseen\/liebe-leserinnen-liebe-leser\/embed\/#?secret=m1v0RJtIC5\" width=\"600\" height=\"338\" title=\"&#8222;Liebe Leserinnen, liebe Leser,&#8220; &#8211; Naturpark Dahme-Heideseen\" data-secret=\"m1v0RJtIC5\" frameborder=\"0\" marginwidth=\"0\" marginheight=\"0\" scrolling=\"no\" class=\"wp-embedded-content\"><\/iframe><script type=\"text\/javascript\">\n\/*! This file is auto-generated *\/\n!function(c,d){\"use strict\";var e=!1,o=!1;if(d.querySelector)if(c.addEventListener)e=!0;if(c.wp=c.wp||{},c.wp.receiveEmbedMessage);else if(c.wp.receiveEmbedMessage=function(e){var t=e.data;if(!t);else if(!(t.secret||t.message||t.value));else if(\/[^a-zA-Z0-9]\/.test(t.secret));else{for(var r,s,a,i=d.querySelectorAll('iframe[data-secret=\"'+t.secret+'\"]'),n=d.querySelectorAll('blockquote[data-secret=\"'+t.secret+'\"]'),o=new RegExp(\"^https?:$\",\"i\"),l=0;l<n.length;l++)n[l].style.display=\"none\";for(l=0;l<i.length;l++)if(r=i[l],e.source!==r.contentWindow);else{if(r.removeAttribute(\"style\"),\"height\"===t.message){if(1e3<(s=parseInt(t.value,10)))s=1e3;else if(~~s<200)s=200;r.height=s}if(\"link\"===t.message)if(s=d.createElement(\"a\"),a=d.createElement(\"a\"),s.href=r.getAttribute(\"src\"),a.href=t.value,!o.test(a.protocol));else if(a.host===s.host)if(d.activeElement===r)c.top.location.href=t.value}}},e)c.addEventListener(\"message\",c.wp.receiveEmbedMessage,!1),d.addEventListener(\"DOMContentLoaded\",t,!1),c.addEventListener(\"load\",t,!1);function t(){if(o);else{o=!0;for(var e,t,r,s=-1!==navigator.appVersion.indexOf(\"MSIE 10\"),a=!!navigator.userAgent.match(\/Trident.*rv:11\\.\/),i=d.querySelectorAll(\"iframe.wp-embedded-content\"),n=0;n<i.length;n++){if(!(r=(t=i[n]).getAttribute(\"data-secret\")))r=Math.random().toString(36).substr(2,10),t.src+=\"#?secret=\"+r,t.setAttribute(\"data-secret\",r);if(s||a)(e=t.cloneNode(!0)).removeAttribute(\"security\"),t.parentNode.replaceChild(e,t);t.contentWindow.postMessage({message:\"ready\",secret:r},\"*\")}}}}(window,document);\n<\/script>\n","description":"\u201eO schaurig ist&#8217;s \u00fcbers Moor zu gehen \u2026\u201c legte\u00a0 Annette von Droste-H\u00fclshoff ihrem \u201eKnaben im Moor\u201c 1842 in den Mund. Jahrhunderte lang f\u00fcrchteten die Menschen das Moor. Als ab dem 18. Jahrhunderts Moore intensiver genutzt, Torf abgebaut und Fl\u00e4chen entw\u00e4ssert wurden, wird das daher kaum jemanden gest\u00f6rt haben. Eher war sogar das Gegenteil der Fall,"}

„O schaurig ist&#8217;s übers Moor zu gehen …“ legte  Annette von Droste-Hülshoff ihrem „Knaben im Moor“ 1842 in den Mund. Jahrhunderte lang fürchteten die Menschen das Moor. Als ab dem 18. Jahrhunderts Moore intensiver genutzt, Torf abgebaut und Flächen entwässert wurden, wird das daher kaum jemanden gestört haben. Eher war sogar das Gegenteil der Fall,
