{"version":"1.0","provider_name":"Naturpark Dahme-Heideseen","provider_url":"https:\/\/www.naturparkmagazin.de\/dahme-heideseen","author_name":"hanssonnenberg","author_url":"https:\/\/www.naturparkmagazin.de\/dahme-heideseen\/author\/hanssonnenberg\/","title":"Liebe Leserinnen, liebe Leser - Naturpark Dahme-Heideseen","type":"rich","width":600,"height":338,"html":"<blockquote class=\"wp-embedded-content\" data-secret=\"tFfL9QtZeI\"><a href=\"https:\/\/www.naturparkmagazin.de\/dahme-heideseen\/liebe-leserinnen-liebe-leser-3\/\">Liebe Leserinnen, liebe Leser<\/a><\/blockquote><iframe sandbox=\"allow-scripts\" security=\"restricted\" src=\"https:\/\/www.naturparkmagazin.de\/dahme-heideseen\/liebe-leserinnen-liebe-leser-3\/embed\/#?secret=tFfL9QtZeI\" width=\"600\" height=\"338\" title=\"&#8222;Liebe Leserinnen, liebe Leser&#8220; &#8211; Naturpark Dahme-Heideseen\" data-secret=\"tFfL9QtZeI\" frameborder=\"0\" marginwidth=\"0\" marginheight=\"0\" scrolling=\"no\" class=\"wp-embedded-content\"><\/iframe><script type=\"text\/javascript\">\n\/*! This file is auto-generated *\/\n!function(c,d){\"use strict\";var e=!1,o=!1;if(d.querySelector)if(c.addEventListener)e=!0;if(c.wp=c.wp||{},c.wp.receiveEmbedMessage);else if(c.wp.receiveEmbedMessage=function(e){var t=e.data;if(!t);else if(!(t.secret||t.message||t.value));else if(\/[^a-zA-Z0-9]\/.test(t.secret));else{for(var r,s,a,i=d.querySelectorAll('iframe[data-secret=\"'+t.secret+'\"]'),n=d.querySelectorAll('blockquote[data-secret=\"'+t.secret+'\"]'),o=new RegExp(\"^https?:$\",\"i\"),l=0;l<n.length;l++)n[l].style.display=\"none\";for(l=0;l<i.length;l++)if(r=i[l],e.source!==r.contentWindow);else{if(r.removeAttribute(\"style\"),\"height\"===t.message){if(1e3<(s=parseInt(t.value,10)))s=1e3;else if(~~s<200)s=200;r.height=s}if(\"link\"===t.message)if(s=d.createElement(\"a\"),a=d.createElement(\"a\"),s.href=r.getAttribute(\"src\"),a.href=t.value,!o.test(a.protocol));else if(a.host===s.host)if(d.activeElement===r)c.top.location.href=t.value}}},e)c.addEventListener(\"message\",c.wp.receiveEmbedMessage,!1),d.addEventListener(\"DOMContentLoaded\",t,!1),c.addEventListener(\"load\",t,!1);function t(){if(o);else{o=!0;for(var e,t,r,s=-1!==navigator.appVersion.indexOf(\"MSIE 10\"),a=!!navigator.userAgent.match(\/Trident.*rv:11\\.\/),i=d.querySelectorAll(\"iframe.wp-embedded-content\"),n=0;n<i.length;n++){if(!(r=(t=i[n]).getAttribute(\"data-secret\")))r=Math.random().toString(36).substr(2,10),t.src+=\"#?secret=\"+r,t.setAttribute(\"data-secret\",r);if(s||a)(e=t.cloneNode(!0)).removeAttribute(\"security\"),t.parentNode.replaceChild(e,t);t.contentWindow.postMessage({message:\"ready\",secret:r},\"*\")}}}}(window,document);\n<\/script>\n","description":"es ist schon wieder so weit.\u00a0 Die hellen Tage werden deutlich k\u00fcrzer, die dunklen N\u00e4chte l\u00e4nger. Der Herbst steht vor der T\u00fcr, besser gesagt, er hat die T\u00fcr schon aufgesto\u00dfen. Hinter der T\u00fcr warten aber ganz einzigartige Naturerlebnisse. Die Zugv\u00f6gel kommen. Unsere Naturw\u00e4chter laden im Oktober ein zur Beobachtung der Rast- und Schlafpl\u00e4tze der nordischen"}

es ist schon wieder so weit.  Die hellen Tage werden deutlich kürzer, die dunklen Nächte länger. Der Herbst steht vor der Tür, besser gesagt, er hat die Tür schon aufgestoßen. Hinter der Tür warten aber ganz einzigartige Naturerlebnisse. Die Zugvögel kommen. Unsere Naturwächter laden im Oktober ein zur Beobachtung der Rast- und Schlafplätze der nordischen
