{"version":"1.0","provider_name":"Naturpark Nossentiner\/Schwinzer Heide","provider_url":"https:\/\/www.naturparkmagazin.de\/nossentiner-schwinzer-heide","author_name":"beatrixlosem","author_url":"https:\/\/www.naturparkmagazin.de\/nossentiner-schwinzer-heide\/author\/beatrixlosem\/","title":"Liebe Leserin, lieber Leser, - Naturpark Nossentiner\/Schwinzer Heide","type":"rich","width":600,"height":338,"html":"<blockquote class=\"wp-embedded-content\" data-secret=\"ypBWsHaIfG\"><a href=\"https:\/\/www.naturparkmagazin.de\/nossentiner-schwinzer-heide\/liebe-leserin-lieber-leser-9\/\">Liebe Leserin, lieber Leser,<\/a><\/blockquote><iframe sandbox=\"allow-scripts\" security=\"restricted\" src=\"https:\/\/www.naturparkmagazin.de\/nossentiner-schwinzer-heide\/liebe-leserin-lieber-leser-9\/embed\/#?secret=ypBWsHaIfG\" width=\"600\" height=\"338\" title=\"&#8222;Liebe Leserin, lieber Leser,&#8220; &#8211; Naturpark Nossentiner\/Schwinzer Heide\" data-secret=\"ypBWsHaIfG\" frameborder=\"0\" marginwidth=\"0\" marginheight=\"0\" scrolling=\"no\" class=\"wp-embedded-content\"><\/iframe><script type=\"text\/javascript\">\n\/*! This file is auto-generated *\/\n!function(c,d){\"use strict\";var e=!1,o=!1;if(d.querySelector)if(c.addEventListener)e=!0;if(c.wp=c.wp||{},c.wp.receiveEmbedMessage);else if(c.wp.receiveEmbedMessage=function(e){var t=e.data;if(!t);else if(!(t.secret||t.message||t.value));else if(\/[^a-zA-Z0-9]\/.test(t.secret));else{for(var r,s,a,i=d.querySelectorAll('iframe[data-secret=\"'+t.secret+'\"]'),n=d.querySelectorAll('blockquote[data-secret=\"'+t.secret+'\"]'),o=new RegExp(\"^https?:$\",\"i\"),l=0;l<n.length;l++)n[l].style.display=\"none\";for(l=0;l<i.length;l++)if(r=i[l],e.source!==r.contentWindow);else{if(r.removeAttribute(\"style\"),\"height\"===t.message){if(1e3<(s=parseInt(t.value,10)))s=1e3;else if(~~s<200)s=200;r.height=s}if(\"link\"===t.message)if(s=d.createElement(\"a\"),a=d.createElement(\"a\"),s.href=r.getAttribute(\"src\"),a.href=t.value,!o.test(a.protocol));else if(a.host===s.host)if(d.activeElement===r)c.top.location.href=t.value}}},e)c.addEventListener(\"message\",c.wp.receiveEmbedMessage,!1),d.addEventListener(\"DOMContentLoaded\",t,!1),c.addEventListener(\"load\",t,!1);function t(){if(o);else{o=!0;for(var e,t,r,s=-1!==navigator.appVersion.indexOf(\"MSIE 10\"),a=!!navigator.userAgent.match(\/Trident.*rv:11\\.\/),i=d.querySelectorAll(\"iframe.wp-embedded-content\"),n=0;n<i.length;n++){if(!(r=(t=i[n]).getAttribute(\"data-secret\")))r=Math.random().toString(36).substr(2,10),t.src+=\"#?secret=\"+r,t.setAttribute(\"data-secret\",r);if(s||a)(e=t.cloneNode(!0)).removeAttribute(\"security\"),t.parentNode.replaceChild(e,t);t.contentWindow.postMessage({message:\"ready\",secret:r},\"*\")}}}}(window,document);\n<\/script>\n","description":"Flederm\u00e4use haben schon immer eine gro\u00dfe Faszination auf die Menschen ausge\u00fcbt. Davon zeugen Geschichten wie \u201eBatman\u201c oder \u201eDracula\u201c. Dabei sind sie f\u00fcr Menschen v\u00f6llig ungef\u00e4hrlich. Beeindruckend \u00a0ist ihre F\u00e4higkeit, sich durch Echoortung zu orientieren. Sie \u201esehen\u201c also mit den Ohren. Mit ihren spitzen Z\u00e4hnen verzehren die nachtaktiven Flattertiere Insekten und Spinnentiere. Tags\u00fcber schlafen sie kopf\u00fcber"}

Fledermäuse haben schon immer eine große Faszination auf die Menschen ausgeübt. Davon zeugen Geschichten wie „Batman“ oder „Dracula“. Dabei sind sie für Menschen völlig ungefährlich. Beeindruckend  ist ihre Fähigkeit, sich durch Echoortung zu orientieren. Sie „sehen“ also mit den Ohren. Mit ihren spitzen Zähnen verzehren die nachtaktiven Flattertiere Insekten und Spinnentiere. Tagsüber schlafen sie kopfüber
