{"version":"1.0","provider_name":"Naturpark Nossentiner\/Schwinzer Heide","provider_url":"https:\/\/www.naturparkmagazin.de\/nossentiner-schwinzer-heide","author_name":"Naturpark Nossentiner\/Schwinzer Heide","author_url":"https:\/\/www.naturparkmagazin.de\/nossentiner-schwinzer-heide","title":"Mein Freund, der Baum - Naturpark Nossentiner\/Schwinzer Heide","type":"rich","width":600,"height":338,"html":"<blockquote class=\"wp-embedded-content\" data-secret=\"2U7EpoDNWP\"><a href=\"https:\/\/www.naturparkmagazin.de\/nossentiner-schwinzer-heide\/mein-freund-der-baum\/\">Mein Freund, der Baum<\/a><\/blockquote><iframe sandbox=\"allow-scripts\" security=\"restricted\" src=\"https:\/\/www.naturparkmagazin.de\/nossentiner-schwinzer-heide\/mein-freund-der-baum\/embed\/#?secret=2U7EpoDNWP\" width=\"600\" height=\"338\" title=\"&#8222;Mein Freund, der Baum&#8220; &#8211; Naturpark Nossentiner\/Schwinzer Heide\" data-secret=\"2U7EpoDNWP\" frameborder=\"0\" marginwidth=\"0\" marginheight=\"0\" scrolling=\"no\" class=\"wp-embedded-content\"><\/iframe><script type=\"text\/javascript\">\n\/*! This file is auto-generated *\/\n!function(c,d){\"use strict\";var e=!1,o=!1;if(d.querySelector)if(c.addEventListener)e=!0;if(c.wp=c.wp||{},c.wp.receiveEmbedMessage);else if(c.wp.receiveEmbedMessage=function(e){var t=e.data;if(!t);else if(!(t.secret||t.message||t.value));else if(\/[^a-zA-Z0-9]\/.test(t.secret));else{for(var r,s,a,i=d.querySelectorAll('iframe[data-secret=\"'+t.secret+'\"]'),n=d.querySelectorAll('blockquote[data-secret=\"'+t.secret+'\"]'),o=new RegExp(\"^https?:$\",\"i\"),l=0;l<n.length;l++)n[l].style.display=\"none\";for(l=0;l<i.length;l++)if(r=i[l],e.source!==r.contentWindow);else{if(r.removeAttribute(\"style\"),\"height\"===t.message){if(1e3<(s=parseInt(t.value,10)))s=1e3;else if(~~s<200)s=200;r.height=s}if(\"link\"===t.message)if(s=d.createElement(\"a\"),a=d.createElement(\"a\"),s.href=r.getAttribute(\"src\"),a.href=t.value,!o.test(a.protocol));else if(a.host===s.host)if(d.activeElement===r)c.top.location.href=t.value}}},e)c.addEventListener(\"message\",c.wp.receiveEmbedMessage,!1),d.addEventListener(\"DOMContentLoaded\",t,!1),c.addEventListener(\"load\",t,!1);function t(){if(o);else{o=!0;for(var e,t,r,s=-1!==navigator.appVersion.indexOf(\"MSIE 10\"),a=!!navigator.userAgent.match(\/Trident.*rv:11\\.\/),i=d.querySelectorAll(\"iframe.wp-embedded-content\"),n=0;n<i.length;n++){if(!(r=(t=i[n]).getAttribute(\"data-secret\")))r=Math.random().toString(36).substr(2,10),t.src+=\"#?secret=\"+r,t.setAttribute(\"data-secret\",r);if(s||a)(e=t.cloneNode(!0)).removeAttribute(\"security\"),t.parentNode.replaceChild(e,t);t.contentWindow.postMessage({message:\"ready\",secret:r},\"*\")}}}}(window,document);\n<\/script>\n","thumbnail_url":"https:\/\/www.naturparkmagazin.de\/nossentiner-schwinzer-heide\/wp-content\/uploads\/sites\/28\/Junger-Riese-Schule-Plau-Nossentiner-Schwinzer-Heide-2013.jpg","thumbnail_width":500,"thumbnail_height":300,"description":"-dieses Motto gaben die Sechstkl\u00e4ssler der Plauer Kl\u00fcschenbergschule ihrem diesj\u00e4hrigen Herbstprojekt. In den vergangenen Wochen wurde diese Thematik im Fachunterricht vertieft, sei es in Biologie und Deutsch oder Kunst und Musik. Auch die Ganztagsangebote Fotokurs, Theater, Schulgestaltung und Sch\u00fclercafe waren in die Vorbereitungen aktiv eingebunden."}

-dieses Motto gaben die Sechstklässler der Plauer Klüschenbergschule ihrem diesjährigen Herbstprojekt. In den vergangenen Wochen wurde diese Thematik im Fachunterricht vertieft, sei es in Biologie und Deutsch oder Kunst und Musik. Auch die Ganztagsangebote Fotokurs, Theater, Schulgestaltung und Schülercafe waren in die Vorbereitungen aktiv eingebunden.
