{"version":"1.0","provider_name":"Naturpark Sternberger Seenland","provider_url":"https:\/\/www.naturparkmagazin.de\/sternberger-seenland","author_name":"janlippke","author_url":"https:\/\/www.naturparkmagazin.de\/sternberger-seenland\/author\/janlippke\/","title":"Liebe Leserin, lieber Leser, - Naturpark Sternberger Seenland","type":"rich","width":600,"height":338,"html":"<blockquote class=\"wp-embedded-content\" data-secret=\"lAU5TC0XIE\"><a href=\"https:\/\/www.naturparkmagazin.de\/sternberger-seenland\/liebe-leserin-lieber-leser-14\/\">Liebe Leserin, lieber Leser,<\/a><\/blockquote><iframe sandbox=\"allow-scripts\" security=\"restricted\" src=\"https:\/\/www.naturparkmagazin.de\/sternberger-seenland\/liebe-leserin-lieber-leser-14\/embed\/#?secret=lAU5TC0XIE\" width=\"600\" height=\"338\" title=\"&#8222;Liebe Leserin, lieber Leser,&#8220; &#8211; Naturpark Sternberger Seenland\" data-secret=\"lAU5TC0XIE\" frameborder=\"0\" marginwidth=\"0\" marginheight=\"0\" scrolling=\"no\" class=\"wp-embedded-content\"><\/iframe><script type=\"text\/javascript\">\n\/*! This file is auto-generated *\/\n!function(c,d){\"use strict\";var e=!1,o=!1;if(d.querySelector)if(c.addEventListener)e=!0;if(c.wp=c.wp||{},c.wp.receiveEmbedMessage);else if(c.wp.receiveEmbedMessage=function(e){var t=e.data;if(!t);else if(!(t.secret||t.message||t.value));else if(\/[^a-zA-Z0-9]\/.test(t.secret));else{for(var r,s,a,i=d.querySelectorAll('iframe[data-secret=\"'+t.secret+'\"]'),n=d.querySelectorAll('blockquote[data-secret=\"'+t.secret+'\"]'),o=new RegExp(\"^https?:$\",\"i\"),l=0;l<n.length;l++)n[l].style.display=\"none\";for(l=0;l<i.length;l++)if(r=i[l],e.source!==r.contentWindow);else{if(r.removeAttribute(\"style\"),\"height\"===t.message){if(1e3<(s=parseInt(t.value,10)))s=1e3;else if(~~s<200)s=200;r.height=s}if(\"link\"===t.message)if(s=d.createElement(\"a\"),a=d.createElement(\"a\"),s.href=r.getAttribute(\"src\"),a.href=t.value,!o.test(a.protocol));else if(a.host===s.host)if(d.activeElement===r)c.top.location.href=t.value}}},e)c.addEventListener(\"message\",c.wp.receiveEmbedMessage,!1),d.addEventListener(\"DOMContentLoaded\",t,!1),c.addEventListener(\"load\",t,!1);function t(){if(o);else{o=!0;for(var e,t,r,s=-1!==navigator.appVersion.indexOf(\"MSIE 10\"),a=!!navigator.userAgent.match(\/Trident.*rv:11\\.\/),i=d.querySelectorAll(\"iframe.wp-embedded-content\"),n=0;n<i.length;n++){if(!(r=(t=i[n]).getAttribute(\"data-secret\")))r=Math.random().toString(36).substr(2,10),t.src+=\"#?secret=\"+r,t.setAttribute(\"data-secret\",r);if(s||a)(e=t.cloneNode(!0)).removeAttribute(\"security\"),t.parentNode.replaceChild(e,t);t.contentWindow.postMessage({message:\"ready\",secret:r},\"*\")}}}}(window,document);\n<\/script>\n","description":"Buschwindr\u00f6schen, Scharbockskraut, Lerchensporn und viele weitere so genannte Fr\u00fchbl\u00fcher nutzen in diesen Tagen das Sonnenlicht, das durch die noch unbelaubten B\u00e4ume auf den Boden f\u00e4llt und entfalten am Waldboden eine wahre Bl\u00fctenpracht. Die meisten von ihnen haben in einer Knolle im Boden Energie gespeichert, um schon im zeitigen Fr\u00fchjahr sprie\u00dfen zu k\u00f6nnen. Nutzen Sie die"}

Buschwindröschen, Scharbockskraut, Lerchensporn und viele weitere so genannte Frühblüher nutzen in diesen Tagen das Sonnenlicht, das durch die noch unbelaubten Bäume auf den Boden fällt und entfalten am Waldboden eine wahre Blütenpracht. Die meisten von ihnen haben in einer Knolle im Boden Energie gespeichert, um schon im zeitigen Frühjahr sprießen zu können. Nutzen Sie die
