{"version":"1.0","provider_name":"Naturpark Sternberger Seenland","provider_url":"https:\/\/www.naturparkmagazin.de\/sternberger-seenland","author_name":"janlippke","author_url":"https:\/\/www.naturparkmagazin.de\/sternberger-seenland\/author\/janlippke\/","title":"Liebe Leserin, lieber Leser, - Naturpark Sternberger Seenland","type":"rich","width":600,"height":338,"html":"<blockquote class=\"wp-embedded-content\" data-secret=\"3eJzU2aUCf\"><a href=\"https:\/\/www.naturparkmagazin.de\/sternberger-seenland\/liebe-leserin-lieber-leser-3\/\">Liebe Leserin, lieber Leser,<\/a><\/blockquote><iframe sandbox=\"allow-scripts\" security=\"restricted\" src=\"https:\/\/www.naturparkmagazin.de\/sternberger-seenland\/liebe-leserin-lieber-leser-3\/embed\/#?secret=3eJzU2aUCf\" width=\"600\" height=\"338\" title=\"&#8222;Liebe Leserin, lieber Leser,&#8220; &#8211; Naturpark Sternberger Seenland\" data-secret=\"3eJzU2aUCf\" frameborder=\"0\" marginwidth=\"0\" marginheight=\"0\" scrolling=\"no\" class=\"wp-embedded-content\"><\/iframe><script type=\"text\/javascript\">\n\/*! This file is auto-generated *\/\n!function(c,d){\"use strict\";var e=!1,o=!1;if(d.querySelector)if(c.addEventListener)e=!0;if(c.wp=c.wp||{},c.wp.receiveEmbedMessage);else if(c.wp.receiveEmbedMessage=function(e){var t=e.data;if(!t);else if(!(t.secret||t.message||t.value));else if(\/[^a-zA-Z0-9]\/.test(t.secret));else{for(var r,s,a,i=d.querySelectorAll('iframe[data-secret=\"'+t.secret+'\"]'),n=d.querySelectorAll('blockquote[data-secret=\"'+t.secret+'\"]'),o=new RegExp(\"^https?:$\",\"i\"),l=0;l<n.length;l++)n[l].style.display=\"none\";for(l=0;l<i.length;l++)if(r=i[l],e.source!==r.contentWindow);else{if(r.removeAttribute(\"style\"),\"height\"===t.message){if(1e3<(s=parseInt(t.value,10)))s=1e3;else if(~~s<200)s=200;r.height=s}if(\"link\"===t.message)if(s=d.createElement(\"a\"),a=d.createElement(\"a\"),s.href=r.getAttribute(\"src\"),a.href=t.value,!o.test(a.protocol));else if(a.host===s.host)if(d.activeElement===r)c.top.location.href=t.value}}},e)c.addEventListener(\"message\",c.wp.receiveEmbedMessage,!1),d.addEventListener(\"DOMContentLoaded\",t,!1),c.addEventListener(\"load\",t,!1);function t(){if(o);else{o=!0;for(var e,t,r,s=-1!==navigator.appVersion.indexOf(\"MSIE 10\"),a=!!navigator.userAgent.match(\/Trident.*rv:11\\.\/),i=d.querySelectorAll(\"iframe.wp-embedded-content\"),n=0;n<i.length;n++){if(!(r=(t=i[n]).getAttribute(\"data-secret\")))r=Math.random().toString(36).substr(2,10),t.src+=\"#?secret=\"+r,t.setAttribute(\"data-secret\",r);if(s||a)(e=t.cloneNode(!0)).removeAttribute(\"security\"),t.parentNode.replaceChild(e,t);t.contentWindow.postMessage({message:\"ready\",secret:r},\"*\")}}}}(window,document);\n<\/script>\n","description":"die ersten warmen Tage im April haben uns schon einen Vorgeschmack auf den Sommer gegeben. Das weckt die Lust auf Urlaub und Erholung in unserer sch\u00f6nen Natur. Der Mai ist daf\u00fcr eine der sch\u00f6nsten Zeiten, wenn die Buchen mit ihrem zarten Gr\u00fcn dem Wald ein ganz besonderes Erscheinungsbild verleihen und geradezu zu einer Wanderung an"}

die ersten warmen Tage im April haben uns schon einen Vorgeschmack auf den Sommer gegeben. Das weckt die Lust auf Urlaub und Erholung in unserer schönen Natur. Der Mai ist dafür eine der schönsten Zeiten, wenn die Buchen mit ihrem zarten Grün dem Wald ein ganz besonderes Erscheinungsbild verleihen und geradezu zu einer Wanderung an
