{"version":"1.0","provider_name":"Naturpark Sternberger Seenland","provider_url":"https:\/\/www.naturparkmagazin.de\/sternberger-seenland","author_name":"janlippke","author_url":"https:\/\/www.naturparkmagazin.de\/sternberger-seenland\/author\/janlippke\/","title":"Liebe Leserin, Lieber Leser, - Naturpark Sternberger Seenland","type":"rich","width":600,"height":338,"html":"<blockquote class=\"wp-embedded-content\" data-secret=\"UVznOB8ghp\"><a href=\"https:\/\/www.naturparkmagazin.de\/sternberger-seenland\/liebe-leserin-lieber-leser-65\/\">Liebe Leserin, Lieber Leser,<\/a><\/blockquote><iframe sandbox=\"allow-scripts\" security=\"restricted\" src=\"https:\/\/www.naturparkmagazin.de\/sternberger-seenland\/liebe-leserin-lieber-leser-65\/embed\/#?secret=UVznOB8ghp\" width=\"600\" height=\"338\" title=\"&#8222;Liebe Leserin, Lieber Leser,&#8220; &#8211; Naturpark Sternberger Seenland\" data-secret=\"UVznOB8ghp\" frameborder=\"0\" marginwidth=\"0\" marginheight=\"0\" scrolling=\"no\" class=\"wp-embedded-content\"><\/iframe><script type=\"text\/javascript\">\n\/*! This file is auto-generated *\/\n!function(c,d){\"use strict\";var e=!1,o=!1;if(d.querySelector)if(c.addEventListener)e=!0;if(c.wp=c.wp||{},c.wp.receiveEmbedMessage);else if(c.wp.receiveEmbedMessage=function(e){var t=e.data;if(!t);else if(!(t.secret||t.message||t.value));else if(\/[^a-zA-Z0-9]\/.test(t.secret));else{for(var r,s,a,i=d.querySelectorAll('iframe[data-secret=\"'+t.secret+'\"]'),n=d.querySelectorAll('blockquote[data-secret=\"'+t.secret+'\"]'),o=new RegExp(\"^https?:$\",\"i\"),l=0;l<n.length;l++)n[l].style.display=\"none\";for(l=0;l<i.length;l++)if(r=i[l],e.source!==r.contentWindow);else{if(r.removeAttribute(\"style\"),\"height\"===t.message){if(1e3<(s=parseInt(t.value,10)))s=1e3;else if(~~s<200)s=200;r.height=s}if(\"link\"===t.message)if(s=d.createElement(\"a\"),a=d.createElement(\"a\"),s.href=r.getAttribute(\"src\"),a.href=t.value,!o.test(a.protocol));else if(a.host===s.host)if(d.activeElement===r)c.top.location.href=t.value}}},e)c.addEventListener(\"message\",c.wp.receiveEmbedMessage,!1),d.addEventListener(\"DOMContentLoaded\",t,!1),c.addEventListener(\"load\",t,!1);function t(){if(o);else{o=!0;for(var e,t,r,s=-1!==navigator.appVersion.indexOf(\"MSIE 10\"),a=!!navigator.userAgent.match(\/Trident.*rv:11\\.\/),i=d.querySelectorAll(\"iframe.wp-embedded-content\"),n=0;n<i.length;n++){if(!(r=(t=i[n]).getAttribute(\"data-secret\")))r=Math.random().toString(36).substr(2,10),t.src+=\"#?secret=\"+r,t.setAttribute(\"data-secret\",r);if(s||a)(e=t.cloneNode(!0)).removeAttribute(\"security\"),t.parentNode.replaceChild(e,t);t.contentWindow.postMessage({message:\"ready\",secret:r},\"*\")}}}}(window,document);\n<\/script>\n","description":"der Wald ist wieder in aller Munde. Leider nicht im Guten, denn die letzten beiden hei\u00dfen Sommer haben ihm in Deutschland buchst\u00e4blich das Wasser abgegraben. Der Wald als Heimat f\u00fcr unz\u00e4hlige Tier- und Pflanzenarten, Wasser- und Kohlenstoffspeicher, Sauerstoffproduzent, Luft- und Wasserfilter ist auch als liebster Ort der Deutschen f\u00fcr Erholung und Entspannung in Gefahr. Gerade"}

der Wald ist wieder in aller Munde. Leider nicht im Guten, denn die letzten beiden heißen Sommer haben ihm in Deutschland buchstäblich das Wasser abgegraben. Der Wald als Heimat für unzählige Tier- und Pflanzenarten, Wasser- und Kohlenstoffspeicher, Sauerstoffproduzent, Luft- und Wasserfilter ist auch als liebster Ort der Deutschen für Erholung und Entspannung in Gefahr. Gerade
