{"version":"1.0","provider_name":"Naturpark Th\u00fcringer Schiefergebirge\/Obere Saale","provider_url":"https:\/\/www.naturparkmagazin.de\/thueringer-schiefergebirge-obere-saale","author_name":"D\u00f6rthe Kirstein","author_url":"https:\/\/www.naturparkmagazin.de\/thueringer-schiefergebirge-obere-saale\/author\/frauhess\/","title":"Vogel des Jahres 2022 - Naturpark Th\u00fcringer Schiefergebirge\/Obere Saale","type":"rich","width":600,"height":338,"html":"<blockquote class=\"wp-embedded-content\" data-secret=\"nMpmPl4z5P\"><a href=\"https:\/\/www.naturparkmagazin.de\/thueringer-schiefergebirge-obere-saale\/vogel-des-jahres-2022\/\">Vogel des Jahres 2022<\/a><\/blockquote><iframe sandbox=\"allow-scripts\" security=\"restricted\" src=\"https:\/\/www.naturparkmagazin.de\/thueringer-schiefergebirge-obere-saale\/vogel-des-jahres-2022\/embed\/#?secret=nMpmPl4z5P\" width=\"600\" height=\"338\" title=\"&#8222;Vogel des Jahres 2022&#8220; &#8211; Naturpark Th\u00fcringer Schiefergebirge\/Obere Saale\" data-secret=\"nMpmPl4z5P\" frameborder=\"0\" marginwidth=\"0\" marginheight=\"0\" scrolling=\"no\" class=\"wp-embedded-content\"><\/iframe><script type=\"text\/javascript\">\n\/*! This file is auto-generated *\/\n!function(c,d){\"use strict\";var e=!1,o=!1;if(d.querySelector)if(c.addEventListener)e=!0;if(c.wp=c.wp||{},c.wp.receiveEmbedMessage);else if(c.wp.receiveEmbedMessage=function(e){var t=e.data;if(!t);else if(!(t.secret||t.message||t.value));else if(\/[^a-zA-Z0-9]\/.test(t.secret));else{for(var r,s,a,i=d.querySelectorAll('iframe[data-secret=\"'+t.secret+'\"]'),n=d.querySelectorAll('blockquote[data-secret=\"'+t.secret+'\"]'),o=new RegExp(\"^https?:$\",\"i\"),l=0;l<n.length;l++)n[l].style.display=\"none\";for(l=0;l<i.length;l++)if(r=i[l],e.source!==r.contentWindow);else{if(r.removeAttribute(\"style\"),\"height\"===t.message){if(1e3<(s=parseInt(t.value,10)))s=1e3;else if(~~s<200)s=200;r.height=s}if(\"link\"===t.message)if(s=d.createElement(\"a\"),a=d.createElement(\"a\"),s.href=r.getAttribute(\"src\"),a.href=t.value,!o.test(a.protocol));else if(a.host===s.host)if(d.activeElement===r)c.top.location.href=t.value}}},e)c.addEventListener(\"message\",c.wp.receiveEmbedMessage,!1),d.addEventListener(\"DOMContentLoaded\",t,!1),c.addEventListener(\"load\",t,!1);function t(){if(o);else{o=!0;for(var e,t,r,s=-1!==navigator.appVersion.indexOf(\"MSIE 10\"),a=!!navigator.userAgent.match(\/Trident.*rv:11\\.\/),i=d.querySelectorAll(\"iframe.wp-embedded-content\"),n=0;n<i.length;n++){if(!(r=(t=i[n]).getAttribute(\"data-secret\")))r=Math.random().toString(36).substr(2,10),t.src+=\"#?secret=\"+r,t.setAttribute(\"data-secret\",r);if(s||a)(e=t.cloneNode(!0)).removeAttribute(\"security\"),t.parentNode.replaceChild(e,t);t.contentWindow.postMessage({message:\"ready\",secret:r},\"*\")}}}}(window,document);\n<\/script>\n","thumbnail_url":"https:\/\/www.naturparkmagazin.de\/thueringer-schiefergebirge-obere-saale\/wp-content\/uploads\/sites\/13\/Foto-1_Wiedehopf_Wikipedia_Shantanu-Kuveskar.jpg","thumbnail_width":750,"thumbnail_height":1000,"description":"Der Wiedehopf (Upupa epops) &nbsp; An Auff\u00e4lligkeiten ist dieser Vogel kaum zu \u00fcberbieten. W\u00e4hrend andere Vogelarten auf gute Tarnung bedacht sind und ihre Federkleider mit der Umgebung nahezu verschmelzen, scheint der Wiedehopf geradezu nach Aufmerksamkeit zu lechzen: Die schwarz-wei\u00df geb\u00e4nderten Fl\u00fcgel und das orangerote Gefieder k\u00f6nnten kontrastreicher kaum sein. Der Schnabel ist auff\u00e4llig lang und"}

Naturpark Thüringer Schiefergebirge/Obere Saale

Dörthe Kirstein

Vogel des Jahres 2022 - Naturpark Thüringer Schiefergebirge/Obere Saale

<blockquote class="wp-embedded-content" data-secret="nMpmPl4z5P"><a href="https://www.naturparkmagazin.de/thueringer-schiefergebirge-obere-saale/vogel-des-jahres-2022/">Vogel des Jahres 2022</a></blockquote><iframe sandbox="allow-scripts" security="restricted" src="https://www.naturparkmagazin.de/thueringer-schiefergebirge-obere-saale/vogel-des-jahres-2022/embed/#?secret=nMpmPl4z5P" width="600" height="338" title="&#8222;Vogel des Jahres 2022&#8220; &#8211; Naturpark Thüringer Schiefergebirge/Obere Saale" data-secret="nMpmPl4z5P" frameborder="0" marginwidth="0" marginheight="0" scrolling="no" class="wp-embedded-content"></iframe><script type="text/javascript">
/*! This file is auto-generated */
!function(c,d){"use strict";var e=!1,o=!1;if(d.querySelector)if(c.addEventListener)e=!0;if(c.wp=c.wp||{},c.wp.receiveEmbedMessage);else if(c.wp.receiveEmbedMessage=function(e){var t=e.data;if(!t);else if(!(t.secret||t.message||t.value));else if(/[^a-zA-Z0-9]/.test(t.secret));else{for(var r,s,a,i=d.querySelectorAll('iframe[data-secret="'+t.secret+'"]'),n=d.querySelectorAll('blockquote[data-secret="'+t.secret+'"]'),o=new RegExp("^https?:$","i"),l=0;l<n.length;l++)n[l].style.display="none";for(l=0;l<i.length;l++)if(r=i[l],e.source!==r.contentWindow);else{if(r.removeAttribute("style"),"height"===t.message){if(1e3<(s=parseInt(t.value,10)))s=1e3;else if(~~s<200)s=200;r.height=s}if("link"===t.message)if(s=d.createElement("a"),a=d.createElement("a"),s.href=r.getAttribute("src"),a.href=t.value,!o.test(a.protocol));else if(a.host===s.host)if(d.activeElement===r)c.top.location.href=t.value}}},e)c.addEventListener("message",c.wp.receiveEmbedMessage,!1),d.addEventListener("DOMContentLoaded",t,!1),c.addEventListener("load",t,!1);function t(){if(o);else{o=!0;for(var e,t,r,s=-1!==navigator.appVersion.indexOf("MSIE 10"),a=!!navigator.userAgent.match(/Trident.*rv:11\./),i=d.querySelectorAll("iframe.wp-embedded-content"),n=0;n<i.length;n++){if(!(r=(t=i[n]).getAttribute("data-secret")))r=Math.random().toString(36).substr(2,10),t.src+="#?secret="+r,t.setAttribute("data-secret",r);if(s||a)(e=t.cloneNode(!0)).removeAttribute("security"),t.parentNode.replaceChild(e,t);t.contentWindow.postMessage({message:"ready",secret:r},"*")}}}}(window,document);
</script>

Der Wiedehopf (Upupa epops) &nbsp; An Auffälligkeiten ist dieser Vogel kaum zu überbieten. Während andere Vogelarten auf gute Tarnung bedacht sind und ihre Federkleider mit der Umgebung nahezu verschmelzen, scheint der Wiedehopf geradezu nach Aufmerksamkeit zu lechzen: Die schwarz-weiß gebänderten Flügel und das orangerote Gefieder könnten kontrastreicher kaum sein. Der Schnabel ist auffällig lang und
