{"version":"1.0","provider_name":"Verband Deutscher Naturparke","provider_url":"https:\/\/www.naturparkmagazin.de\/vdn","author_name":"beatrixlosem","author_url":"https:\/\/www.naturparkmagazin.de\/vdn\/author\/beatrixlosem\/","title":"Gekochtes Rindfleisch mit Senfso\u00dfe alt Eifeler Art","type":"rich","width":600,"height":338,"html":"<blockquote class=\"wp-embedded-content\" data-secret=\"sFCAO0QEpA\"><a href=\"https:\/\/www.naturparkmagazin.de\/vdn\/gekochtes-rindfleisch-mit-senfsosse-alt-eifeler-art\/\">Gekochtes Rindfleisch mit Senfso\u00dfe alt Eifeler Art<\/a><\/blockquote><iframe sandbox=\"allow-scripts\" security=\"restricted\" src=\"https:\/\/www.naturparkmagazin.de\/vdn\/gekochtes-rindfleisch-mit-senfsosse-alt-eifeler-art\/embed\/#?secret=sFCAO0QEpA\" width=\"600\" height=\"338\" title=\"&#8222;Gekochtes Rindfleisch mit Senfso\u00dfe alt Eifeler Art&#8220; &#8211; Verband Deutscher Naturparke\" data-secret=\"sFCAO0QEpA\" frameborder=\"0\" marginwidth=\"0\" marginheight=\"0\" scrolling=\"no\" class=\"wp-embedded-content\"><\/iframe><script type=\"text\/javascript\">\n\/*! This file is auto-generated *\/\n!function(c,d){\"use strict\";var e=!1,o=!1;if(d.querySelector)if(c.addEventListener)e=!0;if(c.wp=c.wp||{},c.wp.receiveEmbedMessage);else if(c.wp.receiveEmbedMessage=function(e){var t=e.data;if(!t);else if(!(t.secret||t.message||t.value));else if(\/[^a-zA-Z0-9]\/.test(t.secret));else{for(var r,s,a,i=d.querySelectorAll('iframe[data-secret=\"'+t.secret+'\"]'),n=d.querySelectorAll('blockquote[data-secret=\"'+t.secret+'\"]'),o=new RegExp(\"^https?:$\",\"i\"),l=0;l<n.length;l++)n[l].style.display=\"none\";for(l=0;l<i.length;l++)if(r=i[l],e.source!==r.contentWindow);else{if(r.removeAttribute(\"style\"),\"height\"===t.message){if(1e3<(s=parseInt(t.value,10)))s=1e3;else if(~~s<200)s=200;r.height=s}if(\"link\"===t.message)if(s=d.createElement(\"a\"),a=d.createElement(\"a\"),s.href=r.getAttribute(\"src\"),a.href=t.value,!o.test(a.protocol));else if(a.host===s.host)if(d.activeElement===r)c.top.location.href=t.value}}},e)c.addEventListener(\"message\",c.wp.receiveEmbedMessage,!1),d.addEventListener(\"DOMContentLoaded\",t,!1),c.addEventListener(\"load\",t,!1);function t(){if(o);else{o=!0;for(var e,t,r,s=-1!==navigator.appVersion.indexOf(\"MSIE 10\"),a=!!navigator.userAgent.match(\/Trident.*rv:11\\.\/),i=d.querySelectorAll(\"iframe.wp-embedded-content\"),n=0;n<i.length;n++){if(!(r=(t=i[n]).getAttribute(\"data-secret\")))r=Math.random().toString(36).substr(2,10),t.src+=\"#?secret=\"+r,t.setAttribute(\"data-secret\",r);if(s||a)(e=t.cloneNode(!0)).removeAttribute(\"security\"),t.parentNode.replaceChild(e,t);t.contentWindow.postMessage({message:\"ready\",secret:r},\"*\")}}}}(window,document);\n<\/script>\n","thumbnail_url":"https:\/\/www.naturparkmagazin.de\/vdn\/wp-content\/uploads\/sites\/3\/EIFEL-Rind_II-Beitragsbild.jpg","thumbnail_width":180,"thumbnail_height":135,"description":"Im Deutsch-Belgischen Naturpark Hohes Venn \u2013 Eifel ist die Regionalmarke \u201eEIFEL\u201c ein Zeichen, an dem besondere Qualit\u00e4t aus der Eifel direkt erkennbar wird. Damit soll nicht nur eine kontrollierte Qualit\u00e4t und Regionalit\u00e4t transparent nachgewiesen werden, sondern klein- und mittelst\u00e4ndische Strukturen der Region Eifel gest\u00e4rkt werden. Als kulinarische Gaumenfreude direkt aus der Region stellen wir Ihnen im Juli ein altes Eifeler Rezept vor."}

Gekochtes Rindfleisch mit Senfsoße alt Eifeler Art

<blockquote class="wp-embedded-content" data-secret="sFCAO0QEpA"><a href="https://www.naturparkmagazin.de/vdn/gekochtes-rindfleisch-mit-senfsosse-alt-eifeler-art/">Gekochtes Rindfleisch mit Senfsoße alt Eifeler Art</a></blockquote><iframe sandbox="allow-scripts" security="restricted" src="https://www.naturparkmagazin.de/vdn/gekochtes-rindfleisch-mit-senfsosse-alt-eifeler-art/embed/#?secret=sFCAO0QEpA" width="600" height="338" title="&#8222;Gekochtes Rindfleisch mit Senfsoße alt Eifeler Art&#8220; &#8211; Verband Deutscher Naturparke" data-secret="sFCAO0QEpA" frameborder="0" marginwidth="0" marginheight="0" scrolling="no" class="wp-embedded-content"></iframe><script type="text/javascript">
/*! This file is auto-generated */
!function(c,d){"use strict";var e=!1,o=!1;if(d.querySelector)if(c.addEventListener)e=!0;if(c.wp=c.wp||{},c.wp.receiveEmbedMessage);else if(c.wp.receiveEmbedMessage=function(e){var t=e.data;if(!t);else if(!(t.secret||t.message||t.value));else if(/[^a-zA-Z0-9]/.test(t.secret));else{for(var r,s,a,i=d.querySelectorAll('iframe[data-secret="'+t.secret+'"]'),n=d.querySelectorAll('blockquote[data-secret="'+t.secret+'"]'),o=new RegExp("^https?:$","i"),l=0;l<n.length;l++)n[l].style.display="none";for(l=0;l<i.length;l++)if(r=i[l],e.source!==r.contentWindow);else{if(r.removeAttribute("style"),"height"===t.message){if(1e3<(s=parseInt(t.value,10)))s=1e3;else if(~~s<200)s=200;r.height=s}if("link"===t.message)if(s=d.createElement("a"),a=d.createElement("a"),s.href=r.getAttribute("src"),a.href=t.value,!o.test(a.protocol));else if(a.host===s.host)if(d.activeElement===r)c.top.location.href=t.value}}},e)c.addEventListener("message",c.wp.receiveEmbedMessage,!1),d.addEventListener("DOMContentLoaded",t,!1),c.addEventListener("load",t,!1);function t(){if(o);else{o=!0;for(var e,t,r,s=-1!==navigator.appVersion.indexOf("MSIE 10"),a=!!navigator.userAgent.match(/Trident.*rv:11\./),i=d.querySelectorAll("iframe.wp-embedded-content"),n=0;n<i.length;n++){if(!(r=(t=i[n]).getAttribute("data-secret")))r=Math.random().toString(36).substr(2,10),t.src+="#?secret="+r,t.setAttribute("data-secret",r);if(s||a)(e=t.cloneNode(!0)).removeAttribute("security"),t.parentNode.replaceChild(e,t);t.contentWindow.postMessage({message:"ready",secret:r},"*")}}}}(window,document);
</script>

Im Deutsch-Belgischen Naturpark Hohes Venn – Eifel ist die Regionalmarke „EIFEL“ ein Zeichen, an dem besondere Qualität aus der Eifel direkt erkennbar wird. Damit soll nicht nur eine kontrollierte Qualität und Regionalität transparent nachgewiesen werden, sondern klein- und mittelständische Strukturen der Region Eifel gestärkt werden. Als kulinarische Gaumenfreude direkt aus der Region stellen wir Ihnen im Juli ein altes Eifeler Rezept vor.
