{"version":"1.0","provider_name":"Verband Deutscher Naturparke","provider_url":"https:\/\/www.naturparkmagazin.de\/vdn","author_name":"beatrixlosem","author_url":"https:\/\/www.naturparkmagazin.de\/vdn\/author\/beatrixlosem\/","title":"Michel Schneider","type":"rich","width":600,"height":338,"html":"<blockquote class=\"wp-embedded-content\" data-secret=\"MBOxOnAEw2\"><a href=\"https:\/\/www.naturparkmagazin.de\/vdn\/michel-schneider\/\">Michel Schneider<\/a><\/blockquote><iframe sandbox=\"allow-scripts\" security=\"restricted\" src=\"https:\/\/www.naturparkmagazin.de\/vdn\/michel-schneider\/embed\/#?secret=MBOxOnAEw2\" width=\"600\" height=\"338\" title=\"&#8222;Michel Schneider&#8220; &#8211; Verband Deutscher Naturparke\" data-secret=\"MBOxOnAEw2\" frameborder=\"0\" marginwidth=\"0\" marginheight=\"0\" scrolling=\"no\" class=\"wp-embedded-content\"><\/iframe><script type=\"text\/javascript\">\n\/*! This file is auto-generated *\/\n!function(c,d){\"use strict\";var e=!1,o=!1;if(d.querySelector)if(c.addEventListener)e=!0;if(c.wp=c.wp||{},c.wp.receiveEmbedMessage);else if(c.wp.receiveEmbedMessage=function(e){var t=e.data;if(!t);else if(!(t.secret||t.message||t.value));else if(\/[^a-zA-Z0-9]\/.test(t.secret));else{for(var r,s,a,i=d.querySelectorAll('iframe[data-secret=\"'+t.secret+'\"]'),n=d.querySelectorAll('blockquote[data-secret=\"'+t.secret+'\"]'),o=new RegExp(\"^https?:$\",\"i\"),l=0;l<n.length;l++)n[l].style.display=\"none\";for(l=0;l<i.length;l++)if(r=i[l],e.source!==r.contentWindow);else{if(r.removeAttribute(\"style\"),\"height\"===t.message){if(1e3<(s=parseInt(t.value,10)))s=1e3;else if(~~s<200)s=200;r.height=s}if(\"link\"===t.message)if(s=d.createElement(\"a\"),a=d.createElement(\"a\"),s.href=r.getAttribute(\"src\"),a.href=t.value,!o.test(a.protocol));else if(a.host===s.host)if(d.activeElement===r)c.top.location.href=t.value}}},e)c.addEventListener(\"message\",c.wp.receiveEmbedMessage,!1),d.addEventListener(\"DOMContentLoaded\",t,!1),c.addEventListener(\"load\",t,!1);function t(){if(o);else{o=!0;for(var e,t,r,s=-1!==navigator.appVersion.indexOf(\"MSIE 10\"),a=!!navigator.userAgent.match(\/Trident.*rv:11\\.\/),i=d.querySelectorAll(\"iframe.wp-embedded-content\"),n=0;n<i.length;n++){if(!(r=(t=i[n]).getAttribute(\"data-secret\")))r=Math.random().toString(36).substr(2,10),t.src+=\"#?secret=\"+r,t.setAttribute(\"data-secret\",r);if(s||a)(e=t.cloneNode(!0)).removeAttribute(\"security\"),t.parentNode.replaceChild(e,t);t.contentWindow.postMessage({message:\"ready\",secret:r},\"*\")}}}}(window,document);\n<\/script>\n","thumbnail_url":"https:\/\/www.naturparkmagazin.de\/vdn\/wp-content\/uploads\/sites\/3\/DSC_3938bkl-beitragsfoto.jpg","thumbnail_width":200,"thumbnail_height":200,"description":"ist auf der Alpe H\u00f6rmoos an der Nordseite der Nagelfluhkette geboren und aufgewachsen. Nach 20 Jahren Wirt des Alpengasthofes H\u00f6rmoos gab er den gastronomischen Betrieb weiter, und legte auf der Alpe einen Kr\u00e4utergarten an, den Grundstein f\u00fcr \u201eMichels Kr\u00e4uter-Alp\u201c, in der Kr\u00e4uter, Wurzeln und Fr\u00fcchte der Bergregion zu unterst\u00fctzenden Wohlf\u00fchlprodukten verarbeitet werden. Im Haus steht auch die h\u00f6chstgelegene Destille des Allg\u00e4us. Geerntet nach Mond- und Sonnenstand, verarbeitet Michel Schneider hier Kr\u00e4uter aus eigenem Anbau und Wildwuchs zu edlen Tr\u00f6pfchen von h\u00f6chster Qualit\u00e4t."}

ist auf der Alpe Hörmoos an der Nordseite der Nagelfluhkette geboren und aufgewachsen. Nach 20 Jahren Wirt des Alpengasthofes Hörmoos gab er den gastronomischen Betrieb weiter, und legte auf der Alpe einen Kräutergarten an, den Grundstein für „Michels Kräuter-Alp“, in der Kräuter, Wurzeln und Früchte der Bergregion zu unterstützenden Wohlfühlprodukten verarbeitet werden. Im Haus steht auch die höchstgelegene Destille des Allgäus. Geerntet nach Mond- und Sonnenstand, verarbeitet Michel Schneider hier Kräuter aus eigenem Anbau und Wildwuchs zu edlen Tröpfchen von höchster Qualität.
