{"version":"1.0","provider_name":"Verband Deutscher Naturparke","provider_url":"https:\/\/www.naturparkmagazin.de\/vdn","author_name":"beatrixlosem","author_url":"https:\/\/www.naturparkmagazin.de\/vdn\/author\/beatrixlosem\/","title":"\"Plingjen\" aus dem Naturpark Diemelsee","type":"rich","width":600,"height":338,"html":"<blockquote class=\"wp-embedded-content\" data-secret=\"CSvrxKvOLX\"><a href=\"https:\/\/www.naturparkmagazin.de\/vdn\/plingjen-aus-dem-naturpark-diemelsee\/\">&#8222;Plingjen&#8220; aus dem Naturpark Diemelsee<\/a><\/blockquote><iframe sandbox=\"allow-scripts\" security=\"restricted\" src=\"https:\/\/www.naturparkmagazin.de\/vdn\/plingjen-aus-dem-naturpark-diemelsee\/embed\/#?secret=CSvrxKvOLX\" width=\"600\" height=\"338\" title=\"&#8222;&#8222;Plingjen&#8220; aus dem Naturpark Diemelsee&#8220; &#8211; Verband Deutscher Naturparke\" data-secret=\"CSvrxKvOLX\" frameborder=\"0\" marginwidth=\"0\" marginheight=\"0\" scrolling=\"no\" class=\"wp-embedded-content\"><\/iframe><script type=\"text\/javascript\">\n\/*! This file is auto-generated *\/\n!function(c,d){\"use strict\";var e=!1,o=!1;if(d.querySelector)if(c.addEventListener)e=!0;if(c.wp=c.wp||{},c.wp.receiveEmbedMessage);else if(c.wp.receiveEmbedMessage=function(e){var t=e.data;if(!t);else if(!(t.secret||t.message||t.value));else if(\/[^a-zA-Z0-9]\/.test(t.secret));else{for(var r,s,a,i=d.querySelectorAll('iframe[data-secret=\"'+t.secret+'\"]'),n=d.querySelectorAll('blockquote[data-secret=\"'+t.secret+'\"]'),o=new RegExp(\"^https?:$\",\"i\"),l=0;l<n.length;l++)n[l].style.display=\"none\";for(l=0;l<i.length;l++)if(r=i[l],e.source!==r.contentWindow);else{if(r.removeAttribute(\"style\"),\"height\"===t.message){if(1e3<(s=parseInt(t.value,10)))s=1e3;else if(~~s<200)s=200;r.height=s}if(\"link\"===t.message)if(s=d.createElement(\"a\"),a=d.createElement(\"a\"),s.href=r.getAttribute(\"src\"),a.href=t.value,!o.test(a.protocol));else if(a.host===s.host)if(d.activeElement===r)c.top.location.href=t.value}}},e)c.addEventListener(\"message\",c.wp.receiveEmbedMessage,!1),d.addEventListener(\"DOMContentLoaded\",t,!1),c.addEventListener(\"load\",t,!1);function t(){if(o);else{o=!0;for(var e,t,r,s=-1!==navigator.appVersion.indexOf(\"MSIE 10\"),a=!!navigator.userAgent.match(\/Trident.*rv:11\\.\/),i=d.querySelectorAll(\"iframe.wp-embedded-content\"),n=0;n<i.length;n++){if(!(r=(t=i[n]).getAttribute(\"data-secret\")))r=Math.random().toString(36).substr(2,10),t.src+=\"#?secret=\"+r,t.setAttribute(\"data-secret\",r);if(s||a)(e=t.cloneNode(!0)).removeAttribute(\"security\"),t.parentNode.replaceChild(e,t);t.contentWindow.postMessage({message:\"ready\",secret:r},\"*\")}}}}(window,document);\n<\/script>\n","thumbnail_url":"https:\/\/www.naturparkmagazin.de\/vdn\/wp-content\/uploads\/sites\/3\/Rezept-Plingen-Beitragsfoto1.jpg","thumbnail_width":200,"thumbnail_height":200,"description":"Zu unserem Rezept des Monats September gibt es eine Geschichte, die den ungew\u00f6hnlichen Namen erkl\u00e4rt: In Willingen im Naturpark Diemelsee gibt es ein Sprichwort: \u201aSo platt wie eine Plinge\u2018. Fr\u00fcher hatte man in der Waschk\u00fcche oft eiserne \u201aSchk\u00fcttelp\u00f6tte\u2018, in denen auch f\u00fcr Schweine gekocht wurde. Bei solchen Gelegenheiten hat man von au\u00dfen an diese hei\u00dfen T\u00f6pfe Teigfladen geworfen, und wenn diese gar und abgefallen waren, wurden sie aufgenommen und frisch verzehrt."}

Zu unserem Rezept des Monats September gibt es eine Geschichte, die den ungewöhnlichen Namen erklärt: In Willingen im Naturpark Diemelsee gibt es ein Sprichwort: ‚So platt wie eine Plinge‘. Früher hatte man in der Waschküche oft eiserne ‚Schküttelpötte‘, in denen auch für Schweine gekocht wurde. Bei solchen Gelegenheiten hat man von außen an diese heißen Töpfe Teigfladen geworfen, und wenn diese gar und abgefallen waren, wurden sie aufgenommen und frisch verzehrt.
