{"version":"1.0","provider_name":"Verband Deutscher Naturparke","provider_url":"https:\/\/www.naturparkmagazin.de\/vdn","author_name":"vdnnational","author_url":"https:\/\/www.naturparkmagazin.de\/vdn\/author\/vdnnational\/","title":"\"Vorfreude\" - Weihnachtsm\u00e4rkte und mehr","type":"rich","width":600,"height":338,"html":"<blockquote class=\"wp-embedded-content\" data-secret=\"8PDcfVcljU\"><a href=\"https:\/\/www.naturparkmagazin.de\/vdn\/vorfreuden-weihnachtsmaerkte-co\/\">&#8222;Vorfreude&#8220; &#8211; Weihnachtsm\u00e4rkte und mehr<\/a><\/blockquote><iframe sandbox=\"allow-scripts\" security=\"restricted\" src=\"https:\/\/www.naturparkmagazin.de\/vdn\/vorfreuden-weihnachtsmaerkte-co\/embed\/#?secret=8PDcfVcljU\" width=\"600\" height=\"338\" title=\"&#8222;&#8222;Vorfreude&#8220; &#8211; Weihnachtsm\u00e4rkte und mehr&#8220; &#8211; Verband Deutscher Naturparke\" data-secret=\"8PDcfVcljU\" frameborder=\"0\" marginwidth=\"0\" marginheight=\"0\" scrolling=\"no\" class=\"wp-embedded-content\"><\/iframe><script type=\"text\/javascript\">\n\/*! This file is auto-generated *\/\n!function(c,d){\"use strict\";var e=!1,o=!1;if(d.querySelector)if(c.addEventListener)e=!0;if(c.wp=c.wp||{},c.wp.receiveEmbedMessage);else if(c.wp.receiveEmbedMessage=function(e){var t=e.data;if(!t);else if(!(t.secret||t.message||t.value));else if(\/[^a-zA-Z0-9]\/.test(t.secret));else{for(var r,s,a,i=d.querySelectorAll('iframe[data-secret=\"'+t.secret+'\"]'),n=d.querySelectorAll('blockquote[data-secret=\"'+t.secret+'\"]'),o=new RegExp(\"^https?:$\",\"i\"),l=0;l<n.length;l++)n[l].style.display=\"none\";for(l=0;l<i.length;l++)if(r=i[l],e.source!==r.contentWindow);else{if(r.removeAttribute(\"style\"),\"height\"===t.message){if(1e3<(s=parseInt(t.value,10)))s=1e3;else if(~~s<200)s=200;r.height=s}if(\"link\"===t.message)if(s=d.createElement(\"a\"),a=d.createElement(\"a\"),s.href=r.getAttribute(\"src\"),a.href=t.value,!o.test(a.protocol));else if(a.host===s.host)if(d.activeElement===r)c.top.location.href=t.value}}},e)c.addEventListener(\"message\",c.wp.receiveEmbedMessage,!1),d.addEventListener(\"DOMContentLoaded\",t,!1),c.addEventListener(\"load\",t,!1);function t(){if(o);else{o=!0;for(var e,t,r,s=-1!==navigator.appVersion.indexOf(\"MSIE 10\"),a=!!navigator.userAgent.match(\/Trident.*rv:11\\.\/),i=d.querySelectorAll(\"iframe.wp-embedded-content\"),n=0;n<i.length;n++){if(!(r=(t=i[n]).getAttribute(\"data-secret\")))r=Math.random().toString(36).substr(2,10),t.src+=\"#?secret=\"+r,t.setAttribute(\"data-secret\",r);if(s||a)(e=t.cloneNode(!0)).removeAttribute(\"security\"),t.parentNode.replaceChild(e,t);t.contentWindow.postMessage({message:\"ready\",secret:r},\"*\")}}}}(window,document);\n<\/script>\n","thumbnail_url":"https:\/\/www.naturparkmagazin.de\/vdn\/wp-content\/uploads\/sites\/3\/132_Adventsmarkt_Moellnweb.jpg","thumbnail_width":500,"thumbnail_height":300,"description":"Mit der winterlichen K\u00e4lte beginnt f\u00fcr viele Menschen die sch\u00f6nste Zeit des Jahres. In vielen D\u00f6rfern und St\u00e4dten werden mit dem Beginn der Adventszeit gleichzeitig auch die Weihnachtsm\u00e4rkte er\u00f6ffnet. In der Luft liegen die s\u00fc\u00dfen D\u00fcfte von gebrannten Mandeln, Lebkuchen und Spekulatius und am Gl\u00fchweinstand trifft man sich zum Aufw\u00e4rmen mit Freunden und Familie."}

"Vorfreude" - Weihnachtsmärkte und mehr

<blockquote class="wp-embedded-content" data-secret="8PDcfVcljU"><a href="https://www.naturparkmagazin.de/vdn/vorfreuden-weihnachtsmaerkte-co/">&#8222;Vorfreude&#8220; &#8211; Weihnachtsmärkte und mehr</a></blockquote><iframe sandbox="allow-scripts" security="restricted" src="https://www.naturparkmagazin.de/vdn/vorfreuden-weihnachtsmaerkte-co/embed/#?secret=8PDcfVcljU" width="600" height="338" title="&#8222;&#8222;Vorfreude&#8220; &#8211; Weihnachtsmärkte und mehr&#8220; &#8211; Verband Deutscher Naturparke" data-secret="8PDcfVcljU" frameborder="0" marginwidth="0" marginheight="0" scrolling="no" class="wp-embedded-content"></iframe><script type="text/javascript">
/*! This file is auto-generated */
!function(c,d){"use strict";var e=!1,o=!1;if(d.querySelector)if(c.addEventListener)e=!0;if(c.wp=c.wp||{},c.wp.receiveEmbedMessage);else if(c.wp.receiveEmbedMessage=function(e){var t=e.data;if(!t);else if(!(t.secret||t.message||t.value));else if(/[^a-zA-Z0-9]/.test(t.secret));else{for(var r,s,a,i=d.querySelectorAll('iframe[data-secret="'+t.secret+'"]'),n=d.querySelectorAll('blockquote[data-secret="'+t.secret+'"]'),o=new RegExp("^https?:$","i"),l=0;l<n.length;l++)n[l].style.display="none";for(l=0;l<i.length;l++)if(r=i[l],e.source!==r.contentWindow);else{if(r.removeAttribute("style"),"height"===t.message){if(1e3<(s=parseInt(t.value,10)))s=1e3;else if(~~s<200)s=200;r.height=s}if("link"===t.message)if(s=d.createElement("a"),a=d.createElement("a"),s.href=r.getAttribute("src"),a.href=t.value,!o.test(a.protocol));else if(a.host===s.host)if(d.activeElement===r)c.top.location.href=t.value}}},e)c.addEventListener("message",c.wp.receiveEmbedMessage,!1),d.addEventListener("DOMContentLoaded",t,!1),c.addEventListener("load",t,!1);function t(){if(o);else{o=!0;for(var e,t,r,s=-1!==navigator.appVersion.indexOf("MSIE 10"),a=!!navigator.userAgent.match(/Trident.*rv:11\./),i=d.querySelectorAll("iframe.wp-embedded-content"),n=0;n<i.length;n++){if(!(r=(t=i[n]).getAttribute("data-secret")))r=Math.random().toString(36).substr(2,10),t.src+="#?secret="+r,t.setAttribute("data-secret",r);if(s||a)(e=t.cloneNode(!0)).removeAttribute("security"),t.parentNode.replaceChild(e,t);t.contentWindow.postMessage({message:"ready",secret:r},"*")}}}}(window,document);
</script>

Mit der winterlichen Kälte beginnt für viele Menschen die schönste Zeit des Jahres. In vielen Dörfern und Städten werden mit dem Beginn der Adventszeit gleichzeitig auch die Weihnachtsmärkte eröffnet. In der Luft liegen die süßen Düfte von gebrannten Mandeln, Lebkuchen und Spekulatius und am Glühweinstand trifft man sich zum Aufwärmen mit Freunden und Familie.
