{"id":1084,"date":"2013-05-10T11:12:22","date_gmt":"2013-05-10T09:12:22","guid":{"rendered":"http:\/\/www.naturparkmagazin.de\/vdn\/?page_id=1084"},"modified":"2020-12-18T14:24:48","modified_gmt":"2020-12-18T13:24:48","slug":"anmeldung-zum-newsletter","status":"publish","type":"page","link":"https:\/\/www.naturparkmagazin.de\/vdn\/anmeldung-zum-newsletter\/","title":{"rendered":"Anmeldung zum bundesweiten Newsletter"},"content":{"rendered":"<div id=\"attachment_13228\" style=\"width: 630px\" class=\"wp-caption aligncenter\"><a href=\"https:\/\/www.naturparkmagazin.de\/vdn\/wp-content\/uploads\/sites\/3\/groes-wiesel-2013-75849b.jpg\"><img aria-describedby=\"caption-attachment-13228\" decoding=\"async\" loading=\"lazy\" class=\"size-medium wp-image-13228\" src=\"https:\/\/www.naturparkmagazin.de\/vdn\/wp-content\/uploads\/sites\/3\/groes-wiesel-2013-75849b-620x372.jpg\" alt=\"Anmeldung Newsletter\" width=\"620\" height=\"372\" srcset=\"https:\/\/www.naturparkmagazin.de\/vdn\/wp-content\/uploads\/sites\/3\/groes-wiesel-2013-75849b-620x372.jpg 620w, https:\/\/www.naturparkmagazin.de\/vdn\/wp-content\/uploads\/sites\/3\/groes-wiesel-2013-75849b-300x180.jpg 300w, https:\/\/www.naturparkmagazin.de\/vdn\/wp-content\/uploads\/sites\/3\/groes-wiesel-2013-75849b-670x402.jpg 670w, https:\/\/www.naturparkmagazin.de\/vdn\/wp-content\/uploads\/sites\/3\/groes-wiesel-2013-75849b-200x120.jpg 200w, https:\/\/www.naturparkmagazin.de\/vdn\/wp-content\/uploads\/sites\/3\/groes-wiesel-2013-75849b.jpg 747w\" sizes=\"(max-width: 620px) 100vw, 620px\" \/><\/a><p id=\"caption-attachment-13228\" class=\"wp-caption-text\">Anmeldung Newsletter<\/p><\/div>\n<h2><span style=\"color: #33aa11;\">Lieber Naturfreund!<\/span><\/h2>\n<p>Sie interessieren sich f\u00fcr die <a href=\"https:\/\/www.naturparkmagazin.de\/naturparke-uebersicht\/\" target=\"_blank\">Naturparke in Deutschland<\/a> und m\u00f6chten gerne online \u00fcber aktuelle Veranstaltungstermine und Aktivit\u00e4ten, Neuigkeiten und Projekte informiert werden? Dann melden Sie sich hier kostenlos f\u00fcr unseren Naturparke-Newsletter an. Nat\u00fcrlich k\u00f6nnen Sie auch \u2013 falls Sie den Newsletter nicht mehr erhalten m\u00f6chten \u2013 jederzeit den Empfang des Newsletters beenden.<\/p>\n<p><strong>Wir w\u00fcrden uns freuen, wenn Sie als Abonnent mit dabei w\u00e4ren. Gerne k\u00f6nnen Sie einen <a href=\"https:\/\/www.naturparkmagazin.de\/naturparke-uebersicht\/\" target=\"_blank\">Newsletter speziell aus Ihrer Region<\/a> bestellen.<\/strong><\/p>\n<p><em>Herzliche Gr\u00fc\u00dfe,\nIhr Naturpark-Team<\/em><\/p>\n<p><div class=\"tnp tnp-subscription\">\n<form method=\"post\" action=\"https:\/\/www.naturparkmagazin.de\/vdn\/?na=s\">\n\n<input type=\"hidden\" name=\"nr\" value=\"page\"><input type=\"hidden\" name=\"nlang\" value=\"\"><div class=\"tnp-field tnp-field-firstname\"><label for=\"tnp-1\">Name<\/label>\n<input class=\"tnp-name\" type=\"text\" name=\"nn\" id=\"tnp-1\" value=\"\"><\/div>\n<div class=\"tnp-field tnp-field-email\"><label for=\"tnp-2\">E-Mail*<\/label>\n<input class=\"tnp-email\" type=\"email\" name=\"ne\" id=\"tnp-2\" value=\"\" required><\/div>\n<div class=\"tnp-field tnp-privacy-field\"><label><input type=\"checkbox\" name=\"ny\" required class=\"tnp-privacy\">&nbsp;<a target=\"_blank\" href=\"https:\/\/www.naturparkmagazin.de\/datenschutzerklaerung\/\">Ja, ich m\u00f6chte den Newsletter per E-Mail mit aktuellen Informationen zu Veranstaltungen, Neuigkeiten und weiteren Themen des Verbands Deutscher Naturparke erhalten. Diese Einwilligung k\u00f6nnen Sie jederzeit mit Wirkung f\u00fcr die Zukunft per E-Mail an AbmeldungNewsletter@naturparkmagazin.de oder durch Anklicken des Abmelde-Links am Ende des Newsletters widerrufen. Die erhobenen Daten dienen nur der Versendung des Newsletters und der Dokumentation Ihrer Zustimmung. Weitere Informationen finden Sie unter der Datenschutzerkl\u00e4rung.<\/a><\/label><\/div><div class=\"tnp-field tnp-field-button\"><input class=\"tnp-submit\" type=\"submit\" value=\"Abonnieren\" >\n<\/div>\n<\/form>\n<\/div>\n<\/p>\n","protected":false},"excerpt":{"rendered":"<p>Lieber Naturfreund! Sie interessieren sich f\u00fcr die Naturparke in Deutschland und m\u00f6chten gerne online \u00fcber aktuelle Veranstaltungstermine und Aktivit\u00e4ten, Neuigkeiten und Projekte informiert werden? Dann melden Sie sich hier kostenlos f\u00fcr unseren Naturparke-Newsletter an. Nat\u00fcrlich k\u00f6nnen Sie auch \u2013 falls Sie den Newsletter nicht mehr erhalten m\u00f6chten \u2013 jederzeit den Empfang des Newsletters beenden. Wir<\/p>\n","protected":false},"author":1,"featured_media":0,"parent":0,"menu_order":0,"comment_status":"open","ping_status":"open","template":"","meta":{"_links_to":"","_links_to_target":""},"yoast_head":"<!-- This site is optimized with the Yoast SEO plugin v19.10 - https:\/\/yoast.com\/wordpress\/plugins\/seo\/ -->\n<title>Anmeldung zum bundesweiten Newsletter<\/title>\n<meta name=\"description\" content=\"Hier k\u00f6nnen Sie sich zum Newsletter des VDN anmelden\" \/>\n<meta name=\"robots\" content=\"index, follow, max-snippet:-1, max-image-preview:large, max-video-preview:-1\" \/>\n<link rel=\"canonical\" href=\"https:\/\/www.naturparkmagazin.de\/vdn\/anmeldung-zum-newsletter\/\" \/>\n<meta property=\"og:locale\" content=\"de_DE\" \/>\n<meta property=\"og:type\" content=\"article\" \/>\n<meta property=\"og:title\" content=\"Anmeldung zum bundesweiten Newsletter\" \/>\n<meta property=\"og:description\" content=\"Hier k\u00f6nnen Sie sich zum Newsletter des VDN anmelden\" \/>\n<meta property=\"og:url\" content=\"https:\/\/www.naturparkmagazin.de\/vdn\/anmeldung-zum-newsletter\/\" \/>\n<meta property=\"og:site_name\" content=\"Verband Deutscher Naturparke\" \/>\n<meta property=\"article:modified_time\" content=\"2020-12-18T13:24:48+00:00\" \/>\n<meta property=\"og:image\" content=\"https:\/\/www.naturparkmagazin.de\/vdn\/wp-content\/uploads\/sites\/3\/groes-wiesel-2013-75849b-620x372.jpg\" \/>\n<script type=\"application\/ld+json\" class=\"yoast-schema-graph\">{\"@context\":\"https:\/\/schema.org\",\"@graph\":[{\"@type\":\"WebPage\",\"@id\":\"https:\/\/www.naturparkmagazin.de\/vdn\/anmeldung-zum-newsletter\/\",\"url\":\"https:\/\/www.naturparkmagazin.de\/vdn\/anmeldung-zum-newsletter\/\",\"name\":\"Anmeldung zum bundesweiten Newsletter\",\"isPartOf\":{\"@id\":\"https:\/\/www.naturparkmagazin.de\/vdn\/#website\"},\"datePublished\":\"2013-05-10T09:12:22+00:00\",\"dateModified\":\"2020-12-18T13:24:48+00:00\",\"description\":\"Hier k\u00f6nnen Sie sich zum Newsletter des VDN anmelden\",\"breadcrumb\":{\"@id\":\"https:\/\/www.naturparkmagazin.de\/vdn\/anmeldung-zum-newsletter\/#breadcrumb\"},\"inLanguage\":\"de\",\"potentialAction\":[{\"@type\":\"ReadAction\",\"target\":[\"https:\/\/www.naturparkmagazin.de\/vdn\/anmeldung-zum-newsletter\/\"]}]},{\"@type\":\"BreadcrumbList\",\"@id\":\"https:\/\/www.naturparkmagazin.de\/vdn\/anmeldung-zum-newsletter\/#breadcrumb\",\"itemListElement\":[{\"@type\":\"ListItem\",\"position\":1,\"name\":\"Home\",\"item\":\"https:\/\/www.naturparkmagazin.de\/vdn\/\"},{\"@type\":\"ListItem\",\"position\":2,\"name\":\"Anmeldung zum bundesweiten Newsletter\"}]},{\"@type\":\"WebSite\",\"@id\":\"https:\/\/www.naturparkmagazin.de\/vdn\/#website\",\"url\":\"https:\/\/www.naturparkmagazin.de\/vdn\/\",\"name\":\"Verband Deutscher Naturparke\",\"description\":\"Eine weitere Naturparkmagazin.de Netzwerk Seite\",\"potentialAction\":[{\"@type\":\"SearchAction\",\"target\":{\"@type\":\"EntryPoint\",\"urlTemplate\":\"https:\/\/www.naturparkmagazin.de\/vdn\/?s={search_term_string}\"},\"query-input\":\"required name=search_term_string\"}],\"inLanguage\":\"de\"}]}<\/script>\n<!-- \/ Yoast SEO plugin. -->","yoast_head_json":{"title":"Anmeldung zum bundesweiten Newsletter","description":"Hier k\u00f6nnen Sie sich zum Newsletter des VDN anmelden","robots":{"index":"index","follow":"follow","max-snippet":"max-snippet:-1","max-image-preview":"max-image-preview:large","max-video-preview":"max-video-preview:-1"},"canonical":"https:\/\/www.naturparkmagazin.de\/vdn\/anmeldung-zum-newsletter\/","og_locale":"de_DE","og_type":"article","og_title":"Anmeldung zum bundesweiten Newsletter","og_description":"Hier k\u00f6nnen Sie sich zum Newsletter des VDN anmelden","og_url":"https:\/\/www.naturparkmagazin.de\/vdn\/anmeldung-zum-newsletter\/","og_site_name":"Verband Deutscher Naturparke","article_modified_time":"2020-12-18T13:24:48+00:00","og_image":[{"url":"https:\/\/www.naturparkmagazin.de\/vdn\/wp-content\/uploads\/sites\/3\/groes-wiesel-2013-75849b-620x372.jpg"}],"schema":{"@context":"https:\/\/schema.org","@graph":[{"@type":"WebPage","@id":"https:\/\/www.naturparkmagazin.de\/vdn\/anmeldung-zum-newsletter\/","url":"https:\/\/www.naturparkmagazin.de\/vdn\/anmeldung-zum-newsletter\/","name":"Anmeldung zum bundesweiten Newsletter","isPartOf":{"@id":"https:\/\/www.naturparkmagazin.de\/vdn\/#website"},"datePublished":"2013-05-10T09:12:22+00:00","dateModified":"2020-12-18T13:24:48+00:00","description":"Hier k\u00f6nnen Sie sich zum Newsletter des VDN anmelden","breadcrumb":{"@id":"https:\/\/www.naturparkmagazin.de\/vdn\/anmeldung-zum-newsletter\/#breadcrumb"},"inLanguage":"de","potentialAction":[{"@type":"ReadAction","target":["https:\/\/www.naturparkmagazin.de\/vdn\/anmeldung-zum-newsletter\/"]}]},{"@type":"BreadcrumbList","@id":"https:\/\/www.naturparkmagazin.de\/vdn\/anmeldung-zum-newsletter\/#breadcrumb","itemListElement":[{"@type":"ListItem","position":1,"name":"Home","item":"https:\/\/www.naturparkmagazin.de\/vdn\/"},{"@type":"ListItem","position":2,"name":"Anmeldung zum bundesweiten Newsletter"}]},{"@type":"WebSite","@id":"https:\/\/www.naturparkmagazin.de\/vdn\/#website","url":"https:\/\/www.naturparkmagazin.de\/vdn\/","name":"Verband Deutscher Naturparke","description":"Eine weitere Naturparkmagazin.de Netzwerk Seite","potentialAction":[{"@type":"SearchAction","target":{"@type":"EntryPoint","urlTemplate":"https:\/\/www.naturparkmagazin.de\/vdn\/?s={search_term_string}"},"query-input":"required name=search_term_string"}],"inLanguage":"de"}]}},"_links":{"self":[{"href":"https:\/\/www.naturparkmagazin.de\/vdn\/wp-json\/wp\/v2\/pages\/1084"}],"collection":[{"href":"https:\/\/www.naturparkmagazin.de\/vdn\/wp-json\/wp\/v2\/pages"}],"about":[{"href":"https:\/\/www.naturparkmagazin.de\/vdn\/wp-json\/wp\/v2\/types\/page"}],"author":[{"embeddable":true,"href":"https:\/\/www.naturparkmagazin.de\/vdn\/wp-json\/wp\/v2\/users\/1"}],"replies":[{"embeddable":true,"href":"https:\/\/www.naturparkmagazin.de\/vdn\/wp-json\/wp\/v2\/comments?post=1084"}],"version-history":[{"count":17,"href":"https:\/\/www.naturparkmagazin.de\/vdn\/wp-json\/wp\/v2\/pages\/1084\/revisions"}],"predecessor-version":[{"id":13229,"href":"https:\/\/www.naturparkmagazin.de\/vdn\/wp-json\/wp\/v2\/pages\/1084\/revisions\/13229"}],"wp:attachment":[{"href":"https:\/\/www.naturparkmagazin.de\/vdn\/wp-json\/wp\/v2\/media?parent=1084"}],"curies":[{"name":"wp","href":"https:\/\/api.w.org\/{rel}","templated":true}]}}

<div id="attachment_13228" style="width: 630px" class="wp-caption aligncenter"><a href="https://www.naturparkmagazin.de/vdn/wp-content/uploads/sites/3/groes-wiesel-2013-75849b.jpg"><img aria-describedby="caption-attachment-13228" decoding="async" loading="lazy" class="size-medium wp-image-13228" src="https://www.naturparkmagazin.de/vdn/wp-content/uploads/sites/3/groes-wiesel-2013-75849b-620x372.jpg" alt="Anmeldung Newsletter" width="620" height="372" srcset="https://www.naturparkmagazin.de/vdn/wp-content/uploads/sites/3/groes-wiesel-2013-75849b-620x372.jpg 620w, https://www.naturparkmagazin.de/vdn/wp-content/uploads/sites/3/groes-wiesel-2013-75849b-300x180.jpg 300w, https://www.naturparkmagazin.de/vdn/wp-content/uploads/sites/3/groes-wiesel-2013-75849b-670x402.jpg 670w, https://www.naturparkmagazin.de/vdn/wp-content/uploads/sites/3/groes-wiesel-2013-75849b-200x120.jpg 200w, https://www.naturparkmagazin.de/vdn/wp-content/uploads/sites/3/groes-wiesel-2013-75849b.jpg 747w" sizes="(max-width: 620px) 100vw, 620px" /></a><p id="caption-attachment-13228" class="wp-caption-text">Anmeldung Newsletter</p></div>
<h2><span style="color: #33aa11;">Lieber Naturfreund!</span></h2>
<p>Sie interessieren sich für die <a href="https://www.naturparkmagazin.de/naturparke-uebersicht/" target="_blank">Naturparke in Deutschland</a> und möchten gerne online über aktuelle Veranstaltungstermine und Aktivitäten, Neuigkeiten und Projekte informiert werden? Dann melden Sie sich hier kostenlos für unseren Naturparke-Newsletter an. Natürlich können Sie auch – falls Sie den Newsletter nicht mehr erhalten möchten – jederzeit den Empfang des Newsletters beenden.</p>
<p><strong>Wir würden uns freuen, wenn Sie als Abonnent mit dabei wären. Gerne können Sie einen <a href="https://www.naturparkmagazin.de/naturparke-uebersicht/" target="_blank">Newsletter speziell aus Ihrer Region</a> bestellen.</strong></p>
<p><em>Herzliche Grüße,
Ihr Naturpark-Team</em></p>
<p><div class="tnp tnp-subscription">
<form method="post" action="https://www.naturparkmagazin.de/vdn/?na=s">

<input type="hidden" name="nr" value="page"><input type="hidden" name="nlang" value=""><div class="tnp-field tnp-field-firstname"><label for="tnp-1">Name</label>
<input class="tnp-name" type="text" name="nn" id="tnp-1" value=""></div>
<div class="tnp-field tnp-field-email"><label for="tnp-2">E-Mail*</label>
<input class="tnp-email" type="email" name="ne" id="tnp-2" value="" required></div>
<div class="tnp-field tnp-privacy-field"><label><input type="checkbox" name="ny" required class="tnp-privacy">&nbsp;<a target="_blank" href="https://www.naturparkmagazin.de/datenschutzerklaerung/">Ja, ich möchte den Newsletter per E-Mail mit aktuellen Informationen zu Veranstaltungen, Neuigkeiten und weiteren Themen des Verbands Deutscher Naturparke erhalten. Diese Einwilligung können Sie jederzeit mit Wirkung für die Zukunft per E-Mail an AbmeldungNewsletter@naturparkmagazin.de oder durch Anklicken des Abmelde-Links am Ende des Newsletters widerrufen. Die erhobenen Daten dienen nur der Versendung des Newsletters und der Dokumentation Ihrer Zustimmung. Weitere Informationen finden Sie unter der Datenschutzerklärung.</a></label></div><div class="tnp-field tnp-field-button"><input class="tnp-submit" type="submit" value="Abonnieren" >
</div>
</form>
</div>
</p>

<p>Lieber Naturfreund! Sie interessieren sich für die Naturparke in Deutschland und möchten gerne online über aktuelle Veranstaltungstermine und Aktivitäten, Neuigkeiten und Projekte informiert werden? Dann melden Sie sich hier kostenlos für unseren Naturparke-Newsletter an. Natürlich können Sie auch – falls Sie den Newsletter nicht mehr erhalten möchten – jederzeit den Empfang des Newsletters beenden. Wir</p>

<!-- This site is optimized with the Yoast SEO plugin v19.10 - https://yoast.com/wordpress/plugins/seo/ -->
<title>Anmeldung zum bundesweiten Newsletter</title>
<meta name="description" content="Hier können Sie sich zum Newsletter des VDN anmelden" />
<meta name="robots" content="index, follow, max-snippet:-1, max-image-preview:large, max-video-preview:-1" />
<link rel="canonical" href="https://www.naturparkmagazin.de/vdn/anmeldung-zum-newsletter/" />
<meta property="og:locale" content="de_DE" />
<meta property="og:type" content="article" />
<meta property="og:title" content="Anmeldung zum bundesweiten Newsletter" />
<meta property="og:description" content="Hier können Sie sich zum Newsletter des VDN anmelden" />
<meta property="og:url" content="https://www.naturparkmagazin.de/vdn/anmeldung-zum-newsletter/" />
<meta property="og:site_name" content="Verband Deutscher Naturparke" />
<meta property="article:modified_time" content="2020-12-18T13:24:48+00:00" />
<meta property="og:image" content="https://www.naturparkmagazin.de/vdn/wp-content/uploads/sites/3/groes-wiesel-2013-75849b-620x372.jpg" />
<script type="application/ld+json" class="yoast-schema-graph">{"@context":"https://schema.org","@graph":[{"@type":"WebPage","@id":"https://www.naturparkmagazin.de/vdn/anmeldung-zum-newsletter/","url":"https://www.naturparkmagazin.de/vdn/anmeldung-zum-newsletter/","name":"Anmeldung zum bundesweiten Newsletter","isPartOf":{"@id":"https://www.naturparkmagazin.de/vdn/#website"},"datePublished":"2013-05-10T09:12:22+00:00","dateModified":"2020-12-18T13:24:48+00:00","description":"Hier können Sie sich zum Newsletter des VDN anmelden","breadcrumb":{"@id":"https://www.naturparkmagazin.de/vdn/anmeldung-zum-newsletter/#breadcrumb"},"inLanguage":"de","potentialAction":[{"@type":"ReadAction","target":["https://www.naturparkmagazin.de/vdn/anmeldung-zum-newsletter/"]}]},{"@type":"BreadcrumbList","@id":"https://www.naturparkmagazin.de/vdn/anmeldung-zum-newsletter/#breadcrumb","itemListElement":[{"@type":"ListItem","position":1,"name":"Home","item":"https://www.naturparkmagazin.de/vdn/"},{"@type":"ListItem","position":2,"name":"Anmeldung zum bundesweiten Newsletter"}]},{"@type":"WebSite","@id":"https://www.naturparkmagazin.de/vdn/#website","url":"https://www.naturparkmagazin.de/vdn/","name":"Verband Deutscher Naturparke","description":"Eine weitere Naturparkmagazin.de Netzwerk Seite","potentialAction":[{"@type":"SearchAction","target":{"@type":"EntryPoint","urlTemplate":"https://www.naturparkmagazin.de/vdn/?s={search_term_string}"},"query-input":"required name=search_term_string"}],"inLanguage":"de"}]}</script>
<!-- / Yoast SEO plugin. -->

Hier können Sie sich zum Newsletter des VDN anmelden
